{"id":38864,"date":"2025-11-24T12:07:14","date_gmt":"2025-11-24T12:11:37","guid":{"rendered":"https:\/\/www.finsdesiecles-artdeco.com\/?post_type=product&#038;p=38864"},"modified":"2025-11-24T12:11:38","modified_gmt":"2025-11-24T12:11:38","slug":"petit-miroir-ovale-art-deco-france-1925","status":"publish","type":"product","link":"https:\/\/www.finsdesiecles-artdeco.com\/fr\/product\/petit-miroir-ovale-art-deco-france-1925\/","title":{"rendered":"Petit miroir ovale Art D\u00e9co &#8211; France 1925"},"content":{"rendered":"<p>Petit miroir ovale Art D\u00e9co &#8211; France 1925<\/p>\n<p><strong>Dimensions<\/strong><\/p>\n<p><strong>cm<\/strong>\u00a048 x 2 x 74,5<\/p>\n<p><strong>inches<\/strong>\u00a018.90 x 0.79 x 29.33<\/p>\n","protected":false},"excerpt":{"rendered":"<p>Petit miroir ovale Art D\u00e9co en bois massif sculpt\u00e9 argent\u00e9 \u00e0 la feuille, pompons en passementerie, glace d&rsquo;origine biseaut\u00e9e.<\/p>\n<p>France vers 1925<\/p>\n<p>&nbsp;<\/p>\n<p><strong>Dimensions<\/strong><\/p>\n<p><strong>cm<\/strong>\u00a048 x 2 x 74,5<\/p>\n<p><strong>inches<\/strong>\u00a018.90 x 0.79 x 29.33<\/p>\n","protected":false},"featured_media":38850,"template":"","meta":{"_editorskit_title_hidden":false,"_editorskit_reading_time":0,"_editorskit_is_block_options_detached":false,"_editorskit_block_options_position":"{}","inline_featured_image":false},"product_brand":[],"product_cat":[454,342],"product_tag":[],"class_list":{"0":"post-38864","1":"product","2":"type-product","3":"status-publish","4":"has-post-thumbnail","6":"product_cat-miroirs-fr","7":"product_cat-miroirs","9":"first","10":"outofstock","11":"shipping-taxable","12":"product-type-simple"},"_links":{"self":[{"href":"https:\/\/www.finsdesiecles-artdeco.com\/fr\/wp-json\/wp\/v2\/product\/38864","targetHints":{"allow":["GET"]}}],"collection":[{"href":"https:\/\/www.finsdesiecles-artdeco.com\/fr\/wp-json\/wp\/v2\/product"}],"about":[{"href":"https:\/\/www.finsdesiecles-artdeco.com\/fr\/wp-json\/wp\/v2\/types\/product"}],"wp:featuredmedia":[{"embeddable":true,"href":"https:\/\/www.finsdesiecles-artdeco.com\/fr\/wp-json\/wp\/v2\/media\/38850"}],"wp:attachment":[{"href":"https:\/\/www.finsdesiecles-artdeco.com\/fr\/wp-json\/wp\/v2\/media?parent=38864"}],"wp:term":[{"taxonomy":"product_brand","embeddable":true,"href":"https:\/\/www.finsdesiecles-artdeco.com\/fr\/wp-json\/wp\/v2\/product_brand?post=38864"},{"taxonomy":"product_cat","embeddable":true,"href":"https:\/\/www.finsdesiecles-artdeco.com\/fr\/wp-json\/wp\/v2\/product_cat?post=38864"},{"taxonomy":"product_tag","embeddable":true,"href":"https:\/\/www.finsdesiecles-artdeco.com\/fr\/wp-json\/wp\/v2\/product_tag?post=38864"}],"curies":[{"name":"wp","href":"https:\/\/api.w.org\/{rel}","templated":true}]}}

Petit miroir ovale Art Déco &#8211; France 1925

<p>Petit miroir ovale Art Déco &#8211; France 1925</p>
<p><strong>Dimensions</strong></p>
<p><strong>cm</strong> 48 x 2 x 74,5</p>
<p><strong>inches</strong> 18.90 x 0.79 x 29.33</p>

<p>Petit miroir ovale Art Déco en bois massif sculpté argenté à la feuille, pompons en passementerie, glace d&rsquo;origine biseautée.</p>
<p>France vers 1925</p>
<p>&nbsp;</p>
<p><strong>Dimensions</strong></p>
<p><strong>cm</strong> 48 x 2 x 74,5</p>
<p><strong>inches</strong> 18.90 x 0.79 x 29.33</p>
