{"id":39034,"date":"2025-12-02T13:03:25","date_gmt":"2025-12-02T13:13:58","guid":{"rendered":"https:\/\/www.finsdesiecles-artdeco.com\/?post_type=product&#038;p=39034"},"modified":"2025-12-02T13:13:58","modified_gmt":"2025-12-02T13:13:58","slug":"tres-grand-vase-amphore-par-guerin-belgique-1940","status":"publish","type":"product","link":"https:\/\/www.finsdesiecles-artdeco.com\/fr\/product\/tres-grand-vase-amphore-par-guerin-belgique-1940\/","title":{"rendered":"Tr\u00e8s grand vase \u00ab\u00a0Amphore\u00a0\u00bb par Gu\u00e9rin &#8211; Belgique 1940"},"content":{"rendered":"<p>Tr\u00e8s grand vase \u00ab\u00a0Amphore\u00a0\u00bb par Gu\u00e9rin &#8211; Belgique 1940<\/p>\n<p><strong>Dimensions<\/strong><\/p>\n<p><strong>cm<\/strong>\u00a0Diam 25 x 67,5<\/p>\n<p><strong>inches<\/strong>\u00a0Diam 9.84 x 26.57<\/p>\n","protected":false},"excerpt":{"rendered":"<p>Tr\u00e8s grand vase \u00a0\u00bb Amphore\u00a0\u00bb en gr\u00e8s sal\u00e9 dans les tons ivoire, perle, bleu p\u00e2le, vert kaki. Un d\u00e9faut de cuisson.<\/p>\n<p>Sign\u00e9 Gu\u00e9rin, Chatelet.<\/p>\n<p>Belgique vers 1940<\/p>\n<p>&nbsp;<\/p>\n<p><strong>Dimensions<\/strong><\/p>\n<p><strong>cm<\/strong>\u00a0Diam 25 x 67,5<\/p>\n<p><strong>inches<\/strong>\u00a0Diam 9.84 x 26.57<\/p>\n","protected":false},"featured_media":39017,"template":"","meta":{"_editorskit_title_hidden":false,"_editorskit_reading_time":0,"_editorskit_is_block_options_detached":false,"_editorskit_block_options_position":"{}","inline_featured_image":false},"product_brand":[],"product_cat":[462,267],"product_tag":[],"class_list":{"0":"post-39034","1":"product","2":"type-product","3":"status-publish","4":"has-post-thumbnail","6":"product_cat-ceramiques","7":"product_cat-objets-et-accessoires","9":"first","10":"instock","11":"shipping-taxable","12":"purchasable","13":"product-type-simple"},"_links":{"self":[{"href":"https:\/\/www.finsdesiecles-artdeco.com\/fr\/wp-json\/wp\/v2\/product\/39034","targetHints":{"allow":["GET"]}}],"collection":[{"href":"https:\/\/www.finsdesiecles-artdeco.com\/fr\/wp-json\/wp\/v2\/product"}],"about":[{"href":"https:\/\/www.finsdesiecles-artdeco.com\/fr\/wp-json\/wp\/v2\/types\/product"}],"wp:featuredmedia":[{"embeddable":true,"href":"https:\/\/www.finsdesiecles-artdeco.com\/fr\/wp-json\/wp\/v2\/media\/39017"}],"wp:attachment":[{"href":"https:\/\/www.finsdesiecles-artdeco.com\/fr\/wp-json\/wp\/v2\/media?parent=39034"}],"wp:term":[{"taxonomy":"product_brand","embeddable":true,"href":"https:\/\/www.finsdesiecles-artdeco.com\/fr\/wp-json\/wp\/v2\/product_brand?post=39034"},{"taxonomy":"product_cat","embeddable":true,"href":"https:\/\/www.finsdesiecles-artdeco.com\/fr\/wp-json\/wp\/v2\/product_cat?post=39034"},{"taxonomy":"product_tag","embeddable":true,"href":"https:\/\/www.finsdesiecles-artdeco.com\/fr\/wp-json\/wp\/v2\/product_tag?post=39034"}],"curies":[{"name":"wp","href":"https:\/\/api.w.org\/{rel}","templated":true}]}}

Très grand vase « Amphore » par Guérin &#8211; Belgique 1940

<p>Très grand vase « Amphore » par Guérin &#8211; Belgique 1940</p>
<p><strong>Dimensions</strong></p>
<p><strong>cm</strong> Diam 25 x 67,5</p>
<p><strong>inches</strong> Diam 9.84 x 26.57</p>

<p>Très grand vase  » Amphore » en grès salé dans les tons ivoire, perle, bleu pâle, vert kaki. Un défaut de cuisson.</p>
<p>Signé Guérin, Chatelet.</p>
<p>Belgique vers 1940</p>
<p>&nbsp;</p>
<p><strong>Dimensions</strong></p>
<p><strong>cm</strong> Diam 25 x 67,5</p>
<p><strong>inches</strong> Diam 9.84 x 26.57</p>
