{"id":39128,"date":"2025-12-05T13:07:07","date_gmt":"2025-12-05T13:13:22","guid":{"rendered":"https:\/\/www.finsdesiecles-artdeco.com\/?post_type=product&#038;p=39128"},"modified":"2025-12-05T13:13:22","modified_gmt":"2025-12-05T13:13:22","slug":"grand-vase-a-col-rond-par-edgard-aubry-belgique-1940","status":"publish","type":"product","link":"https:\/\/www.finsdesiecles-artdeco.com\/fr\/product\/grand-vase-a-col-rond-par-edgard-aubry-belgique-1940\/","title":{"rendered":"Grand vase \u00e0 col rond par Edgard Aubry &#8211; Belgique 1940"},"content":{"rendered":"<p>Grand vase \u00e0 col rond par Edgard Aubry &#8211; Belgique 1940<\/p>\n<p><strong>Dimensions<\/strong><\/p>\n<p><strong>cm<\/strong>\u00a0Diam 26 x 45,5<\/p>\n<p><strong>inches<\/strong>\u00a0Diam 10.24 x 17.91<\/p>\n","protected":false},"excerpt":{"rendered":"<p>Grand vase \u00e0 col rond en gr\u00e8s sal\u00e9 verniss\u00e9 \u00e0 coul\u00e9es de couleurs ivoire, vert, gris, marron et bleu clair. Petits d\u00e9fauts de cuisson.<\/p>\n<p>Sign\u00e9 Aubry, Bouffioulx<\/p>\n<p>Belgique vers 1940<\/p>\n<p>&nbsp;<\/p>\n<p><strong>Dimensions<\/strong><\/p>\n<p><strong>cm<\/strong>\u00a0Diam 26 x 45,5<\/p>\n<p><strong>inches<\/strong>\u00a0Diam 10.24 x 17.91<\/p>\n","protected":false},"featured_media":39108,"template":"","meta":{"_editorskit_title_hidden":false,"_editorskit_reading_time":0,"_editorskit_is_block_options_detached":false,"_editorskit_block_options_position":"{}","inline_featured_image":false},"product_brand":[],"product_cat":[462,267],"product_tag":[],"class_list":{"0":"post-39128","1":"product","2":"type-product","3":"status-publish","4":"has-post-thumbnail","6":"product_cat-ceramiques","7":"product_cat-objets-et-accessoires","9":"first","10":"instock","11":"shipping-taxable","12":"purchasable","13":"product-type-simple"},"_links":{"self":[{"href":"https:\/\/www.finsdesiecles-artdeco.com\/fr\/wp-json\/wp\/v2\/product\/39128","targetHints":{"allow":["GET"]}}],"collection":[{"href":"https:\/\/www.finsdesiecles-artdeco.com\/fr\/wp-json\/wp\/v2\/product"}],"about":[{"href":"https:\/\/www.finsdesiecles-artdeco.com\/fr\/wp-json\/wp\/v2\/types\/product"}],"wp:featuredmedia":[{"embeddable":true,"href":"https:\/\/www.finsdesiecles-artdeco.com\/fr\/wp-json\/wp\/v2\/media\/39108"}],"wp:attachment":[{"href":"https:\/\/www.finsdesiecles-artdeco.com\/fr\/wp-json\/wp\/v2\/media?parent=39128"}],"wp:term":[{"taxonomy":"product_brand","embeddable":true,"href":"https:\/\/www.finsdesiecles-artdeco.com\/fr\/wp-json\/wp\/v2\/product_brand?post=39128"},{"taxonomy":"product_cat","embeddable":true,"href":"https:\/\/www.finsdesiecles-artdeco.com\/fr\/wp-json\/wp\/v2\/product_cat?post=39128"},{"taxonomy":"product_tag","embeddable":true,"href":"https:\/\/www.finsdesiecles-artdeco.com\/fr\/wp-json\/wp\/v2\/product_tag?post=39128"}],"curies":[{"name":"wp","href":"https:\/\/api.w.org\/{rel}","templated":true}]}}

Grand vase à col rond par Edgard Aubry &#8211; Belgique 1940

<p>Grand vase à col rond par Edgard Aubry &#8211; Belgique 1940</p>
<p><strong>Dimensions</strong></p>
<p><strong>cm</strong> Diam 26 x 45,5</p>
<p><strong>inches</strong> Diam 10.24 x 17.91</p>

<p>Grand vase à col rond en grès salé vernissé à coulées de couleurs ivoire, vert, gris, marron et bleu clair. Petits défauts de cuisson.</p>
<p>Signé Aubry, Bouffioulx</p>
<p>Belgique vers 1940</p>
<p>&nbsp;</p>
<p><strong>Dimensions</strong></p>
<p><strong>cm</strong> Diam 26 x 45,5</p>
<p><strong>inches</strong> Diam 10.24 x 17.91</p>
