{"id":39754,"date":"2026-01-15T12:58:02","date_gmt":"2026-01-15T13:03:16","guid":{"rendered":"https:\/\/www.finsdesiecles-artdeco.com\/?post_type=product&#038;p=39754"},"modified":"2026-01-15T13:03:16","modified_gmt":"2026-01-15T13:03:16","slug":"gueridon-art-deco-pied-tulipe-france-1930","status":"publish","type":"product","link":"https:\/\/www.finsdesiecles-artdeco.com\/fr\/product\/gueridon-art-deco-pied-tulipe-france-1930\/","title":{"rendered":"Gu\u00e9ridon Art D\u00e9co pied tulipe &#8211; France 1930"},"content":{"rendered":"<p>Gu\u00e9ridon Art D\u00e9co pied tulipe &#8211; France 1930<\/p>\n<p><strong>Dimensions<\/strong><\/p>\n<p><strong>cm<\/strong> Diam 65 x 56 (dessus) \/ 59 (pieds)<\/p>\n<p><strong>inches<\/strong> Diam 25.59 x 22.05 (dessus) \/ 23.23 (pieds)<\/p>\n","protected":false},"excerpt":{"rendered":"<p>Splendide gu\u00e9ridon Art D\u00e9co \u00ab\u00a0pied tulipe\u00a0\u00bb en bois plaqu\u00e9 de palissandre et marqueterie de palissandre, base laqu\u00e9e en noir. Vernis au tampon.<\/p>\n<p>France 1930<\/p>\n<p>&nbsp;<\/p>\n<p><strong>Dimensions<\/strong><\/p>\n<p><strong>cm<\/strong> Diam 65 x 56 (dessus) \/ 59 (pieds)<\/p>\n<p><strong>inches<\/strong> Diam 25.59 x 22.05 (dessus) \/ 23.23 (pieds)<\/p>\n","protected":false},"featured_media":39737,"template":"","meta":{"_editorskit_title_hidden":false,"_editorskit_reading_time":0,"_editorskit_is_block_options_detached":false,"_editorskit_block_options_position":"{}","inline_featured_image":false},"product_brand":[],"product_cat":[256,257],"product_tag":[],"class_list":{"0":"post-39754","1":"product","2":"type-product","3":"status-publish","4":"has-post-thumbnail","6":"product_cat-tables","7":"product_cat-gueridons","9":"first","10":"instock","11":"shipping-taxable","12":"purchasable","13":"product-type-simple"},"_links":{"self":[{"href":"https:\/\/www.finsdesiecles-artdeco.com\/fr\/wp-json\/wp\/v2\/product\/39754","targetHints":{"allow":["GET"]}}],"collection":[{"href":"https:\/\/www.finsdesiecles-artdeco.com\/fr\/wp-json\/wp\/v2\/product"}],"about":[{"href":"https:\/\/www.finsdesiecles-artdeco.com\/fr\/wp-json\/wp\/v2\/types\/product"}],"wp:featuredmedia":[{"embeddable":true,"href":"https:\/\/www.finsdesiecles-artdeco.com\/fr\/wp-json\/wp\/v2\/media\/39737"}],"wp:attachment":[{"href":"https:\/\/www.finsdesiecles-artdeco.com\/fr\/wp-json\/wp\/v2\/media?parent=39754"}],"wp:term":[{"taxonomy":"product_brand","embeddable":true,"href":"https:\/\/www.finsdesiecles-artdeco.com\/fr\/wp-json\/wp\/v2\/product_brand?post=39754"},{"taxonomy":"product_cat","embeddable":true,"href":"https:\/\/www.finsdesiecles-artdeco.com\/fr\/wp-json\/wp\/v2\/product_cat?post=39754"},{"taxonomy":"product_tag","embeddable":true,"href":"https:\/\/www.finsdesiecles-artdeco.com\/fr\/wp-json\/wp\/v2\/product_tag?post=39754"}],"curies":[{"name":"wp","href":"https:\/\/api.w.org\/{rel}","templated":true}]}}

Guéridon Art Déco pied tulipe &#8211; France 1930

<p>Guéridon Art Déco pied tulipe &#8211; France 1930</p>
<p><strong>Dimensions</strong></p>
<p><strong>cm</strong> Diam 65 x 56 (dessus) / 59 (pieds)</p>
<p><strong>inches</strong> Diam 25.59 x 22.05 (dessus) / 23.23 (pieds)</p>

<p>Splendide guéridon Art Déco « pied tulipe » en bois plaqué de palissandre et marqueterie de palissandre, base laquée en noir. Vernis au tampon.</p>
<p>France 1930</p>
<p>&nbsp;</p>
<p><strong>Dimensions</strong></p>
<p><strong>cm</strong> Diam 65 x 56 (dessus) / 59 (pieds)</p>
<p><strong>inches</strong> Diam 25.59 x 22.05 (dessus) / 23.23 (pieds)</p>
