{"id":3989,"date":"2017-07-18T16:28:32","date_gmt":"2017-07-18T16:28:32","guid":{"rendered":"https:\/\/www.finsdesiecles-artdeco.com\/?product=lampes-de-table"},"modified":"2022-10-29T14:51:21","modified_gmt":"2022-10-29T14:51:21","slug":"paire-de-lampes-de-bureau-par-andre-mounique","status":"publish","type":"product","link":"https:\/\/www.finsdesiecles-artdeco.com\/fr\/product\/paire-de-lampes-de-bureau-par-andre-mounique\/","title":{"rendered":"Paire de lampes de bureau par Andr\u00e9 Mounique"},"content":{"rendered":"<p>Paire de lampes de bureau par Andr\u00e9 Mounique<\/p>\n<hr \/>\n<p><b>Dimensions<\/b><\/p>\n<ul>\n<li><b>cm:<\/b> 42 x 21 x 48<\/li>\n<li><b>inches:<\/b> 16.54 x 8.27 x 18.9<\/li>\n<\/ul>\n","protected":false},"excerpt":{"rendered":"<p>Paire de lampes de bureau articul\u00e9es par deux rotules en acier laqu\u00e9 noir et blanc. Pied et rotules en laiton nickel\u00e9. Interrupteur original.<\/p>\n<p>Design: Andr\u00e9 Mounique<\/p>\n<p>Fabricant: Maison JUMO<\/p>\n<p>France vers 1960.<\/p>\n<p><b>Dimensions<\/b><\/p>\n<ul>\n<li><b>cm:<\/b> 42 x 21 x 48<\/li>\n<li><b>inches:<\/b> 16.54 x 8.27 x 18.9<\/li>\n<\/ul>\n","protected":false},"featured_media":3980,"template":"","meta":{"_editorskit_title_hidden":false,"_editorskit_reading_time":0,"_editorskit_is_block_options_detached":false,"_editorskit_block_options_position":"{}","inline_featured_image":false},"product_brand":[],"product_cat":[264,333],"product_tag":[],"class_list":{"0":"post-3989","1":"product","2":"type-product","3":"status-publish","4":"has-post-thumbnail","6":"product_cat-luminaires","7":"product_cat-lampes-de-table","9":"first","10":"instock","11":"purchasable","12":"product-type-simple"},"_links":{"self":[{"href":"https:\/\/www.finsdesiecles-artdeco.com\/fr\/wp-json\/wp\/v2\/product\/3989","targetHints":{"allow":["GET"]}}],"collection":[{"href":"https:\/\/www.finsdesiecles-artdeco.com\/fr\/wp-json\/wp\/v2\/product"}],"about":[{"href":"https:\/\/www.finsdesiecles-artdeco.com\/fr\/wp-json\/wp\/v2\/types\/product"}],"wp:featuredmedia":[{"embeddable":true,"href":"https:\/\/www.finsdesiecles-artdeco.com\/fr\/wp-json\/wp\/v2\/media\/3980"}],"wp:attachment":[{"href":"https:\/\/www.finsdesiecles-artdeco.com\/fr\/wp-json\/wp\/v2\/media?parent=3989"}],"wp:term":[{"taxonomy":"product_brand","embeddable":true,"href":"https:\/\/www.finsdesiecles-artdeco.com\/fr\/wp-json\/wp\/v2\/product_brand?post=3989"},{"taxonomy":"product_cat","embeddable":true,"href":"https:\/\/www.finsdesiecles-artdeco.com\/fr\/wp-json\/wp\/v2\/product_cat?post=3989"},{"taxonomy":"product_tag","embeddable":true,"href":"https:\/\/www.finsdesiecles-artdeco.com\/fr\/wp-json\/wp\/v2\/product_tag?post=3989"}],"curies":[{"name":"wp","href":"https:\/\/api.w.org\/{rel}","templated":true}]}}

Paire de lampes de bureau par André Mounique

<p>Paire de lampes de bureau par André Mounique</p>
<hr />
<p><b>Dimensions</b></p>
<ul>
<li><b>cm:</b> 42 x 21 x 48</li>
<li><b>inches:</b> 16.54 x 8.27 x 18.9</li>
</ul>

<p>Paire de lampes de bureau articulées par deux rotules en acier laqué noir et blanc. Pied et rotules en laiton nickelé. Interrupteur original.</p>
<p>Design: André Mounique</p>
<p>Fabricant: Maison JUMO</p>
<p>France vers 1960.</p>
<p><b>Dimensions</b></p>
<ul>
<li><b>cm:</b> 42 x 21 x 48</li>
<li><b>inches:</b> 16.54 x 8.27 x 18.9</li>
</ul>
