{"id":40447,"date":"2026-03-02T16:00:29","date_gmt":"2026-03-02T16:10:24","guid":{"rendered":"https:\/\/www.finsdesiecles-artdeco.com\/?post_type=product&#038;p=40447"},"modified":"2026-03-02T16:10:24","modified_gmt":"2026-03-02T16:10:24","slug":"porte-parapluies-et-jardiniere-art-deco-par-demeyere-belgique-1930","status":"publish","type":"product","link":"https:\/\/www.finsdesiecles-artdeco.com\/fr\/product\/porte-parapluies-et-jardiniere-art-deco-par-demeyere-belgique-1930\/","title":{"rendered":"Porte-parapluies et jardini\u00e8re Art D\u00e9co par Demeyere &#8211; Belgique 1930"},"content":{"rendered":"<p>Porte-parapluies et jardini\u00e8re Art D\u00e9co par Demeyere &#8211; Belgique 1930<\/p>\n<p><strong>Dimensions<\/strong><\/p>\n<p><strong>cm<\/strong> Diam base 37,5 \/Diam porte-parapluies 32,5\/Diam jardini\u00e8re 31 x 113 (total)\/51,5 (porte-parapluies)<\/p>\n<p><strong>inches\u00a0<\/strong> Diam base 14.76 \/Diam porte-parapluies 12.79\/Diam jardini\u00e8re 12.20 x 44.49 (total)\/20.27 (porte-parapluies)<\/p>\n<p>&nbsp;<\/p>\n","protected":false},"excerpt":{"rendered":"<p>Grand porte-parapluies et jardini\u00e8re Art D\u00e9co en m\u00e9tal chrom\u00e9 et bak\u00e9lite, tr\u00e8s belle qualit\u00e9.<\/p>\n<p>Design de Demeyere.<\/p>\n<p>Belgique 1930.<\/p>\n<p>&nbsp;<\/p>\n<p><strong>Dimensions<\/strong><\/p>\n<p><strong>cm<\/strong> Diam base 37,5 \/Diam porte-parapluies 32,5\/Diam jardini\u00e8re 31 x 113 (total)\/51,5 (porte-parapluies)<\/p>\n<p><strong>inches\u00a0<\/strong> Diam base 14.76 \/Diam porte-parapluies 12.79\/Diam jardini\u00e8re 12.20 x 44.49 (total)\/20.27 (porte-parapluies)<\/p>\n","protected":false},"featured_media":40424,"template":"","meta":{"_editorskit_title_hidden":false,"_editorskit_reading_time":0,"_editorskit_is_block_options_detached":false,"_editorskit_block_options_position":"{}","inline_featured_image":false},"product_brand":[],"product_cat":[686],"product_tag":[],"class_list":{"0":"post-40447","1":"product","2":"type-product","3":"status-publish","4":"has-post-thumbnail","6":"product_cat-divers","8":"first","9":"instock","10":"shipping-taxable","11":"purchasable","12":"product-type-simple"},"_links":{"self":[{"href":"https:\/\/www.finsdesiecles-artdeco.com\/fr\/wp-json\/wp\/v2\/product\/40447","targetHints":{"allow":["GET"]}}],"collection":[{"href":"https:\/\/www.finsdesiecles-artdeco.com\/fr\/wp-json\/wp\/v2\/product"}],"about":[{"href":"https:\/\/www.finsdesiecles-artdeco.com\/fr\/wp-json\/wp\/v2\/types\/product"}],"wp:featuredmedia":[{"embeddable":true,"href":"https:\/\/www.finsdesiecles-artdeco.com\/fr\/wp-json\/wp\/v2\/media\/40424"}],"wp:attachment":[{"href":"https:\/\/www.finsdesiecles-artdeco.com\/fr\/wp-json\/wp\/v2\/media?parent=40447"}],"wp:term":[{"taxonomy":"product_brand","embeddable":true,"href":"https:\/\/www.finsdesiecles-artdeco.com\/fr\/wp-json\/wp\/v2\/product_brand?post=40447"},{"taxonomy":"product_cat","embeddable":true,"href":"https:\/\/www.finsdesiecles-artdeco.com\/fr\/wp-json\/wp\/v2\/product_cat?post=40447"},{"taxonomy":"product_tag","embeddable":true,"href":"https:\/\/www.finsdesiecles-artdeco.com\/fr\/wp-json\/wp\/v2\/product_tag?post=40447"}],"curies":[{"name":"wp","href":"https:\/\/api.w.org\/{rel}","templated":true}]}}

Porte-parapluies et jardinière Art Déco par Demeyere &#8211; Belgique 1930

<p>Porte-parapluies et jardinière Art Déco par Demeyere &#8211; Belgique 1930</p>
<p><strong>Dimensions</strong></p>
<p><strong>cm</strong> Diam base 37,5 /Diam porte-parapluies 32,5/Diam jardinière 31 x 113 (total)/51,5 (porte-parapluies)</p>
<p><strong>inches </strong> Diam base 14.76 /Diam porte-parapluies 12.79/Diam jardinière 12.20 x 44.49 (total)/20.27 (porte-parapluies)</p>
<p>&nbsp;</p>

<p>Grand porte-parapluies et jardinière Art Déco en métal chromé et bakélite, très belle qualité.</p>
<p>Design de Demeyere.</p>
<p>Belgique 1930.</p>
<p>&nbsp;</p>
<p><strong>Dimensions</strong></p>
<p><strong>cm</strong> Diam base 37,5 /Diam porte-parapluies 32,5/Diam jardinière 31 x 113 (total)/51,5 (porte-parapluies)</p>
<p><strong>inches </strong> Diam base 14.76 /Diam porte-parapluies 12.79/Diam jardinière 12.20 x 44.49 (total)/20.27 (porte-parapluies)</p>
