{"id":4072,"date":"2017-11-06T13:55:16","date_gmt":"2017-11-06T13:55:16","guid":{"rendered":"https:\/\/www.finsdesiecles-artdeco.com\/?product=lampes-de-table"},"modified":"2022-10-29T14:30:09","modified_gmt":"2022-10-29T14:30:09","slug":"lampe-de-bureau-fase-1960","status":"publish","type":"product","link":"https:\/\/www.finsdesiecles-artdeco.com\/fr\/product\/lampe-de-bureau-fase-1960\/","title":{"rendered":"Lampe de bureau FASE &#8211; 1960"},"content":{"rendered":"<p>Lampe de bureau FASE &#8211; 1960<\/p>\n<hr \/>\n<p><b>Dimensions<\/b><\/p>\n<ul>\n<li><b>cm:<\/b> 52 x 35 x 39<\/li>\n<li><b>inches:<\/b> 20.47 x 13.78 x 15.35<\/li>\n<\/ul>\n","protected":false},"excerpt":{"rendered":"<p>Rare lampe de bureau pivotante et basculante, m\u00e9tal chrom\u00e9, t\u00f4le laqu\u00e9e noir, bois de teak, verre sabl\u00e9.<\/p>\n<p>Fabricant: FASE<\/p>\n<p>Espagne vers 1960<\/p>\n<p><b>Dimensions<\/b><\/p>\n<ul>\n<li><b>cm:<\/b> 52 x 35 x 39<\/li>\n<li><b>inches:<\/b> 20.47 x 13.78 x 15.35<\/li>\n<\/ul>\n","protected":false},"featured_media":4062,"template":"","meta":{"_editorskit_title_hidden":false,"_editorskit_reading_time":0,"_editorskit_is_block_options_detached":false,"_editorskit_block_options_position":"{}","inline_featured_image":false},"product_brand":[],"product_cat":[264,333],"product_tag":[],"class_list":{"0":"post-4072","1":"product","2":"type-product","3":"status-publish","4":"has-post-thumbnail","6":"product_cat-luminaires","7":"product_cat-lampes-de-table","9":"first","10":"instock","11":"purchasable","12":"product-type-simple"},"_links":{"self":[{"href":"https:\/\/www.finsdesiecles-artdeco.com\/fr\/wp-json\/wp\/v2\/product\/4072","targetHints":{"allow":["GET"]}}],"collection":[{"href":"https:\/\/www.finsdesiecles-artdeco.com\/fr\/wp-json\/wp\/v2\/product"}],"about":[{"href":"https:\/\/www.finsdesiecles-artdeco.com\/fr\/wp-json\/wp\/v2\/types\/product"}],"wp:featuredmedia":[{"embeddable":true,"href":"https:\/\/www.finsdesiecles-artdeco.com\/fr\/wp-json\/wp\/v2\/media\/4062"}],"wp:attachment":[{"href":"https:\/\/www.finsdesiecles-artdeco.com\/fr\/wp-json\/wp\/v2\/media?parent=4072"}],"wp:term":[{"taxonomy":"product_brand","embeddable":true,"href":"https:\/\/www.finsdesiecles-artdeco.com\/fr\/wp-json\/wp\/v2\/product_brand?post=4072"},{"taxonomy":"product_cat","embeddable":true,"href":"https:\/\/www.finsdesiecles-artdeco.com\/fr\/wp-json\/wp\/v2\/product_cat?post=4072"},{"taxonomy":"product_tag","embeddable":true,"href":"https:\/\/www.finsdesiecles-artdeco.com\/fr\/wp-json\/wp\/v2\/product_tag?post=4072"}],"curies":[{"name":"wp","href":"https:\/\/api.w.org\/{rel}","templated":true}]}}

<p>Rare lampe de bureau pivotante et basculante, métal chromé, tôle laquée noir, bois de teak, verre sablé.</p>
<p>Fabricant: FASE</p>
<p>Espagne vers 1960</p>
<p><b>Dimensions</b></p>
<ul>
<li><b>cm:</b> 52 x 35 x 39</li>
<li><b>inches:</b> 20.47 x 13.78 x 15.35</li>
</ul>
