{"id":40731,"date":"2026-03-16T15:14:17","date_gmt":"2026-03-16T15:22:27","guid":{"rendered":"https:\/\/www.finsdesiecles-artdeco.com\/?post_type=product&#038;p=40731"},"modified":"2026-03-16T16:18:54","modified_gmt":"2026-03-16T16:18:54","slug":"paire-de-chevets-art-deco-cubistes-barcelone-1930","status":"publish","type":"product","link":"https:\/\/www.finsdesiecles-artdeco.com\/fr\/product\/paire-de-chevets-art-deco-cubistes-barcelone-1930\/","title":{"rendered":"Paire de chevets Art D\u00e9co cubistes &#8211; Barcelone 1930"},"content":{"rendered":"<p>Paire de chevets Art D\u00e9co cubistes &#8211; Barcelone 1930<\/p>\n<p><strong>Dimensions<\/strong><\/p>\n<p><strong>cm<\/strong> 66,5 x 42 (socle) x 58,5<\/p>\n<p><strong>inches<\/strong> 26.18 x 16.54 (socle) x 23.03<\/p>\n","protected":false},"excerpt":{"rendered":"<p>Paire de chevets Art D\u00e9co cubistes en bois massif plaqu\u00e9 de noyer, socle laqu\u00e9 noir, 2 tiroirs et une porte, poign\u00e9es en laiton nickel\u00e9 et bak\u00e9lite.<\/p>\n<p>Espagne, Barcelone vers 1930<\/p>\n<p>&nbsp;<\/p>\n<p><strong>Dimensions<\/strong><\/p>\n<p><strong>cm<\/strong> 66,5 x 42 (socle) x 58,5<\/p>\n<p><strong>inches<\/strong> 26.18 x 16.54 (socle) x 23.03<\/p>\n","protected":false},"featured_media":40675,"template":"","meta":{"_editorskit_title_hidden":false,"_editorskit_reading_time":0,"_editorskit_is_block_options_detached":false,"_editorskit_block_options_position":"{}","inline_featured_image":false},"product_brand":[],"product_cat":[415,256,270,312],"product_tag":[],"class_list":{"0":"post-40731","1":"product","2":"type-product","3":"status-publish","4":"has-post-thumbnail","6":"product_cat-meubles-de-rangement","7":"product_cat-tables","8":"product_cat-chambres-a-coucher","9":"product_cat-tables-de-nuit","11":"first","12":"instock","13":"shipping-taxable","14":"purchasable","15":"product-type-simple"},"_links":{"self":[{"href":"https:\/\/www.finsdesiecles-artdeco.com\/fr\/wp-json\/wp\/v2\/product\/40731","targetHints":{"allow":["GET"]}}],"collection":[{"href":"https:\/\/www.finsdesiecles-artdeco.com\/fr\/wp-json\/wp\/v2\/product"}],"about":[{"href":"https:\/\/www.finsdesiecles-artdeco.com\/fr\/wp-json\/wp\/v2\/types\/product"}],"wp:featuredmedia":[{"embeddable":true,"href":"https:\/\/www.finsdesiecles-artdeco.com\/fr\/wp-json\/wp\/v2\/media\/40675"}],"wp:attachment":[{"href":"https:\/\/www.finsdesiecles-artdeco.com\/fr\/wp-json\/wp\/v2\/media?parent=40731"}],"wp:term":[{"taxonomy":"product_brand","embeddable":true,"href":"https:\/\/www.finsdesiecles-artdeco.com\/fr\/wp-json\/wp\/v2\/product_brand?post=40731"},{"taxonomy":"product_cat","embeddable":true,"href":"https:\/\/www.finsdesiecles-artdeco.com\/fr\/wp-json\/wp\/v2\/product_cat?post=40731"},{"taxonomy":"product_tag","embeddable":true,"href":"https:\/\/www.finsdesiecles-artdeco.com\/fr\/wp-json\/wp\/v2\/product_tag?post=40731"}],"curies":[{"name":"wp","href":"https:\/\/api.w.org\/{rel}","templated":true}]}}

Paire de chevets Art Déco cubistes &#8211; Barcelone 1930

<p>Paire de chevets Art Déco cubistes &#8211; Barcelone 1930</p>
<p><strong>Dimensions</strong></p>
<p><strong>cm</strong> 66,5 x 42 (socle) x 58,5</p>
<p><strong>inches</strong> 26.18 x 16.54 (socle) x 23.03</p>

<p>Paire de chevets Art Déco cubistes en bois massif plaqué de noyer, socle laqué noir, 2 tiroirs et une porte, poignées en laiton nickelé et bakélite.</p>
<p>Espagne, Barcelone vers 1930</p>
<p>&nbsp;</p>
<p><strong>Dimensions</strong></p>
<p><strong>cm</strong> 66,5 x 42 (socle) x 58,5</p>
<p><strong>inches</strong> 26.18 x 16.54 (socle) x 23.03</p>
