{"id":4084,"date":"2017-11-07T13:09:28","date_gmt":"2017-11-07T13:09:28","guid":{"rendered":"https:\/\/www.finsdesiecles-artdeco.com\/?product=lampes-de-table"},"modified":"2022-10-29T14:25:04","modified_gmt":"2022-10-29T14:25:04","slug":"lampe-de-table-art-deco-en-ceramique","status":"publish","type":"product","link":"https:\/\/www.finsdesiecles-artdeco.com\/fr\/product\/lampe-de-table-art-deco-en-ceramique\/","title":{"rendered":"Lampe de table Art D\u00e9co en c\u00e9ramique\u00a0"},"content":{"rendered":"<p>Lampe de table Art D\u00e9co en c\u00e9ramique<\/p>\n<hr \/>\n<p><b>Dimensions<\/b><\/p>\n<ul>\n<li><b>cm:<\/b> Diam 45 x 57<\/li>\n<li><b>inches:<\/b> Diam 17.72 x 22.44<\/li>\n<\/ul>\n","protected":false},"excerpt":{"rendered":"<p>Lampe de table Art D\u00e9co en c\u00e9ramique vert c\u00e9ladon, ing\u00e9nieux syst\u00e8me en bois de support de l&rsquo;\u00e9lectricit\u00e9 et de l&rsquo;abat-jour en soie sauvage vert amande. Plusieurs marques et tampons.<\/p>\n<p>Tch\u00e9coslovaquie vers 1930.<\/p>\n<p><b>Dimensions<\/b><\/p>\n<ul>\n<li><b>cm:<\/b> Diam 45 x 57<\/li>\n<li><b>inches:<\/b> Diam 17.72 x 22.44<\/li>\n<\/ul>\n","protected":false},"featured_media":4075,"template":"","meta":{"_editorskit_title_hidden":false,"_editorskit_reading_time":0,"_editorskit_is_block_options_detached":false,"_editorskit_block_options_position":"{}","inline_featured_image":false},"product_brand":[],"product_cat":[264,333],"product_tag":[],"class_list":{"0":"post-4084","1":"product","2":"type-product","3":"status-publish","4":"has-post-thumbnail","6":"product_cat-luminaires","7":"product_cat-lampes-de-table","9":"first","10":"instock","11":"purchasable","12":"product-type-simple"},"_links":{"self":[{"href":"https:\/\/www.finsdesiecles-artdeco.com\/fr\/wp-json\/wp\/v2\/product\/4084","targetHints":{"allow":["GET"]}}],"collection":[{"href":"https:\/\/www.finsdesiecles-artdeco.com\/fr\/wp-json\/wp\/v2\/product"}],"about":[{"href":"https:\/\/www.finsdesiecles-artdeco.com\/fr\/wp-json\/wp\/v2\/types\/product"}],"wp:featuredmedia":[{"embeddable":true,"href":"https:\/\/www.finsdesiecles-artdeco.com\/fr\/wp-json\/wp\/v2\/media\/4075"}],"wp:attachment":[{"href":"https:\/\/www.finsdesiecles-artdeco.com\/fr\/wp-json\/wp\/v2\/media?parent=4084"}],"wp:term":[{"taxonomy":"product_brand","embeddable":true,"href":"https:\/\/www.finsdesiecles-artdeco.com\/fr\/wp-json\/wp\/v2\/product_brand?post=4084"},{"taxonomy":"product_cat","embeddable":true,"href":"https:\/\/www.finsdesiecles-artdeco.com\/fr\/wp-json\/wp\/v2\/product_cat?post=4084"},{"taxonomy":"product_tag","embeddable":true,"href":"https:\/\/www.finsdesiecles-artdeco.com\/fr\/wp-json\/wp\/v2\/product_tag?post=4084"}],"curies":[{"name":"wp","href":"https:\/\/api.w.org\/{rel}","templated":true}]}}

Lampe de table Art Déco en céramique

<p>Lampe de table Art Déco en céramique</p>
<hr />
<p><b>Dimensions</b></p>
<ul>
<li><b>cm:</b> Diam 45 x 57</li>
<li><b>inches:</b> Diam 17.72 x 22.44</li>
</ul>

<p>Lampe de table Art Déco en céramique vert céladon, ingénieux système en bois de support de l&rsquo;électricité et de l&rsquo;abat-jour en soie sauvage vert amande. Plusieurs marques et tampons.</p>
<p>Tchécoslovaquie vers 1930.</p>
<p><b>Dimensions</b></p>
<ul>
<li><b>cm:</b> Diam 45 x 57</li>
<li><b>inches:</b> Diam 17.72 x 22.44</li>
</ul>
