{"id":4436,"date":"2018-05-30T11:33:55","date_gmt":"2018-05-30T11:33:55","guid":{"rendered":"https:\/\/www.finsdesiecles-artdeco.com\/?product=chaises"},"modified":"2022-10-13T14:42:06","modified_gmt":"2022-10-13T14:42:06","slug":"paire-de-chaises-turin-1950","status":"publish","type":"product","link":"https:\/\/www.finsdesiecles-artdeco.com\/fr\/product\/paire-de-chaises-turin-1950\/","title":{"rendered":"Paire de chaises &#8211; Turin 1950"},"content":{"rendered":"<p>Paire de chaises &#8211; Turin 1950<\/p>\n<hr \/>\n<p><b>Dimensions<\/b><\/p>\n<ul>\n<li><b>cm:<\/b> 42 x 48 x 97 Assise 49<\/li>\n<li><b>inches:<\/b> 16.54 x 18.9 x 38.19 Assise 19.29<\/li>\n<\/ul>\n","protected":false},"excerpt":{"rendered":"<p>Ravissante paire de chaises en h\u00eatre teint\u00e9 et verni au tampon, tapisserie refaite \u00e0 neuf en tissu chin\u00e9 gris-vert-bleu.<\/p>\n<p>Design: Ecole de Turin<\/p>\n<p>Italie vers 1950.<\/p>\n<p><b>Dimensions<\/b><\/p>\n<ul>\n<li><b>cm:<\/b> 42 x 48 x 97 Assise 49<\/li>\n<li><b>inches:<\/b> 16.54 x 18.9 x 38.19 Assise 19.29<\/li>\n<\/ul>\n","protected":false},"featured_media":4427,"template":"","meta":{"_editorskit_title_hidden":false,"_editorskit_reading_time":0,"_editorskit_is_block_options_detached":false,"_editorskit_block_options_position":"{}","inline_featured_image":false},"product_brand":[],"product_cat":[250,279],"product_tag":[],"class_list":{"0":"post-4436","1":"product","2":"type-product","3":"status-publish","4":"has-post-thumbnail","6":"product_cat-sieges","7":"product_cat-chaises","9":"first","10":"instock","11":"purchasable","12":"product-type-simple"},"_links":{"self":[{"href":"https:\/\/www.finsdesiecles-artdeco.com\/fr\/wp-json\/wp\/v2\/product\/4436","targetHints":{"allow":["GET"]}}],"collection":[{"href":"https:\/\/www.finsdesiecles-artdeco.com\/fr\/wp-json\/wp\/v2\/product"}],"about":[{"href":"https:\/\/www.finsdesiecles-artdeco.com\/fr\/wp-json\/wp\/v2\/types\/product"}],"wp:featuredmedia":[{"embeddable":true,"href":"https:\/\/www.finsdesiecles-artdeco.com\/fr\/wp-json\/wp\/v2\/media\/4427"}],"wp:attachment":[{"href":"https:\/\/www.finsdesiecles-artdeco.com\/fr\/wp-json\/wp\/v2\/media?parent=4436"}],"wp:term":[{"taxonomy":"product_brand","embeddable":true,"href":"https:\/\/www.finsdesiecles-artdeco.com\/fr\/wp-json\/wp\/v2\/product_brand?post=4436"},{"taxonomy":"product_cat","embeddable":true,"href":"https:\/\/www.finsdesiecles-artdeco.com\/fr\/wp-json\/wp\/v2\/product_cat?post=4436"},{"taxonomy":"product_tag","embeddable":true,"href":"https:\/\/www.finsdesiecles-artdeco.com\/fr\/wp-json\/wp\/v2\/product_tag?post=4436"}],"curies":[{"name":"wp","href":"https:\/\/api.w.org\/{rel}","templated":true}]}}

<p>Ravissante paire de chaises en hêtre teinté et verni au tampon, tapisserie refaite à neuf en tissu chiné gris-vert-bleu.</p>
<p>Design: Ecole de Turin</p>
<p>Italie vers 1950.</p>
<p><b>Dimensions</b></p>
<ul>
<li><b>cm:</b> 42 x 48 x 97 Assise 49</li>
<li><b>inches:</b> 16.54 x 18.9 x 38.19 Assise 19.29</li>
</ul>
