{"id":4444,"date":"2018-06-06T12:29:01","date_gmt":"2018-06-06T12:29:01","guid":{"rendered":"https:\/\/www.finsdesiecles-artdeco.com\/?product=appliques"},"modified":"2022-10-13T14:32:26","modified_gmt":"2022-10-13T14:32:26","slug":"paire-dappliques-france-1955-60","status":"publish","type":"product","link":"https:\/\/www.finsdesiecles-artdeco.com\/fr\/product\/paire-dappliques-france-1955-60\/","title":{"rendered":"Paire d\u00b4appliques &#8211; France 1955-60"},"content":{"rendered":"<p>Paire d\u00b4appliques &#8211; France 1955-60<\/p>\n<hr \/>\n<p><b>Dimensions<\/b><\/p>\n<ul>\n<li><b>cm:<\/b> 45 x 24 x 54<\/li>\n<li><b>inches:<\/b> 17.72 x 9.45 x 21.26<\/li>\n<\/ul>\n","protected":false},"excerpt":{"rendered":"<p>Spectaculaire paire d&rsquo;appliques \u00e0 trois bras de lumi\u00e8re \u00e0 d\u00e9cor v\u00e9g\u00e9tal en laiton poli. Abats-jour originaux en cellulo\u00efd.<\/p>\n<p>France vers 1955-60.<\/p>\n<p><b>Dimensions<\/b><\/p>\n<ul>\n<li><b>cm:<\/b> 45 x 24 x 54<\/li>\n<li><b>inches:<\/b> 17.72 x 9.45 x 21.26<\/li>\n<\/ul>\n","protected":false},"featured_media":4439,"template":"","meta":{"_editorskit_title_hidden":false,"_editorskit_reading_time":0,"_editorskit_is_block_options_detached":false,"_editorskit_block_options_position":"{}","inline_featured_image":false},"product_brand":[],"product_cat":[264,354],"product_tag":[],"class_list":{"0":"post-4444","1":"product","2":"type-product","3":"status-publish","4":"has-post-thumbnail","6":"product_cat-luminaires","7":"product_cat-appliques","9":"first","10":"instock","11":"purchasable","12":"product-type-simple"},"_links":{"self":[{"href":"https:\/\/www.finsdesiecles-artdeco.com\/fr\/wp-json\/wp\/v2\/product\/4444","targetHints":{"allow":["GET"]}}],"collection":[{"href":"https:\/\/www.finsdesiecles-artdeco.com\/fr\/wp-json\/wp\/v2\/product"}],"about":[{"href":"https:\/\/www.finsdesiecles-artdeco.com\/fr\/wp-json\/wp\/v2\/types\/product"}],"wp:featuredmedia":[{"embeddable":true,"href":"https:\/\/www.finsdesiecles-artdeco.com\/fr\/wp-json\/wp\/v2\/media\/4439"}],"wp:attachment":[{"href":"https:\/\/www.finsdesiecles-artdeco.com\/fr\/wp-json\/wp\/v2\/media?parent=4444"}],"wp:term":[{"taxonomy":"product_brand","embeddable":true,"href":"https:\/\/www.finsdesiecles-artdeco.com\/fr\/wp-json\/wp\/v2\/product_brand?post=4444"},{"taxonomy":"product_cat","embeddable":true,"href":"https:\/\/www.finsdesiecles-artdeco.com\/fr\/wp-json\/wp\/v2\/product_cat?post=4444"},{"taxonomy":"product_tag","embeddable":true,"href":"https:\/\/www.finsdesiecles-artdeco.com\/fr\/wp-json\/wp\/v2\/product_tag?post=4444"}],"curies":[{"name":"wp","href":"https:\/\/api.w.org\/{rel}","templated":true}]}}

<p>Spectaculaire paire d&rsquo;appliques à trois bras de lumière à décor végétal en laiton poli. Abats-jour originaux en celluloïd.</p>
<p>France vers 1955-60.</p>
<p><b>Dimensions</b></p>
<ul>
<li><b>cm:</b> 45 x 24 x 54</li>
<li><b>inches:</b> 17.72 x 9.45 x 21.26</li>
</ul>
