{"id":4713,"date":"2018-11-27T17:20:03","date_gmt":"2018-11-27T17:20:03","guid":{"rendered":"https:\/\/www.finsdesiecles-artdeco.com\/?product=panneaux-decoratifs"},"modified":"2022-10-08T11:19:10","modified_gmt":"2022-10-08T11:19:10","slug":"panneau-decoratif-italie-1970","status":"publish","type":"product","link":"https:\/\/www.finsdesiecles-artdeco.com\/fr\/product\/panneau-decoratif-italie-1970\/","title":{"rendered":"Panneau d\u00e9coratif miroir &#8211; Italie 1970"},"content":{"rendered":"<p>Panneau d\u00e9coratif miroir &#8211; Italie 1970<\/p>\n<hr \/>\n<p><b>Dimensions<\/b><\/p>\n<ul>\n<li><b>cm:<\/b> 67 x 2 x 128<\/li>\n<li><b>inches:<\/b> 26.38 x 0.79 x 50.39<\/li>\n<\/ul>\n","protected":false},"excerpt":{"rendered":"<p>Panneau d\u00e9coratif, cadre en acier patin\u00e9, fond en unalit teint\u00e9 et d\u00e9cor\u00e9 de points de peinture \u00e9paisse, oiseau et \u00e9l\u00e9ments d\u00e9coratifs en t\u00f4le repouss\u00e9e et patin\u00e9e. Miroir.<\/p>\n<p>Italie vers 1970.<\/p>\n<p><b>Dimensions<\/b><\/p>\n<ul>\n<li><b>cm:<\/b> 67 x 2 x 128<\/li>\n<li><b>inches:<\/b> 26.38 x 0.79 x 50.39<\/li>\n<\/ul>\n","protected":false},"featured_media":4707,"template":"","meta":{"_editorskit_title_hidden":false,"_editorskit_reading_time":0,"_editorskit_is_block_options_detached":false,"_editorskit_block_options_position":"{}","inline_featured_image":false},"product_brand":[],"product_cat":[342,454,464,267],"product_tag":[],"class_list":{"0":"post-4713","1":"product","2":"type-product","3":"status-publish","4":"has-post-thumbnail","6":"product_cat-miroirs","7":"product_cat-miroirs-fr","8":"product_cat-objets-decoratifs","9":"product_cat-objets-et-accessoires","11":"first","12":"instock","13":"purchasable","14":"product-type-simple"},"_links":{"self":[{"href":"https:\/\/www.finsdesiecles-artdeco.com\/fr\/wp-json\/wp\/v2\/product\/4713","targetHints":{"allow":["GET"]}}],"collection":[{"href":"https:\/\/www.finsdesiecles-artdeco.com\/fr\/wp-json\/wp\/v2\/product"}],"about":[{"href":"https:\/\/www.finsdesiecles-artdeco.com\/fr\/wp-json\/wp\/v2\/types\/product"}],"wp:featuredmedia":[{"embeddable":true,"href":"https:\/\/www.finsdesiecles-artdeco.com\/fr\/wp-json\/wp\/v2\/media\/4707"}],"wp:attachment":[{"href":"https:\/\/www.finsdesiecles-artdeco.com\/fr\/wp-json\/wp\/v2\/media?parent=4713"}],"wp:term":[{"taxonomy":"product_brand","embeddable":true,"href":"https:\/\/www.finsdesiecles-artdeco.com\/fr\/wp-json\/wp\/v2\/product_brand?post=4713"},{"taxonomy":"product_cat","embeddable":true,"href":"https:\/\/www.finsdesiecles-artdeco.com\/fr\/wp-json\/wp\/v2\/product_cat?post=4713"},{"taxonomy":"product_tag","embeddable":true,"href":"https:\/\/www.finsdesiecles-artdeco.com\/fr\/wp-json\/wp\/v2\/product_tag?post=4713"}],"curies":[{"name":"wp","href":"https:\/\/api.w.org\/{rel}","templated":true}]}}

Panneau décoratif miroir &#8211; Italie 1970

<p>Panneau décoratif miroir &#8211; Italie 1970</p>
<hr />
<p><b>Dimensions</b></p>
<ul>
<li><b>cm:</b> 67 x 2 x 128</li>
<li><b>inches:</b> 26.38 x 0.79 x 50.39</li>
</ul>

<p>Panneau décoratif, cadre en acier patiné, fond en unalit teinté et décoré de points de peinture épaisse, oiseau et éléments décoratifs en tôle repoussée et patinée. Miroir.</p>
<p>Italie vers 1970.</p>
<p><b>Dimensions</b></p>
<ul>
<li><b>cm:</b> 67 x 2 x 128</li>
<li><b>inches:</b> 26.38 x 0.79 x 50.39</li>
</ul>
