{"id":4771,"date":"2018-12-11T11:47:20","date_gmt":"2018-12-11T11:47:20","guid":{"rendered":"https:\/\/www.finsdesiecles-artdeco.com\/?product=lampadaires"},"modified":"2022-10-08T10:41:06","modified_gmt":"2022-10-08T10:41:06","slug":"grand-lampadaire-de-style-art-deco-allemagne-1990","status":"publish","type":"product","link":"https:\/\/www.finsdesiecles-artdeco.com\/fr\/product\/grand-lampadaire-de-style-art-deco-allemagne-1990\/","title":{"rendered":"Grand lampadaire de style Art Deco &#8211; Allemagne 1990"},"content":{"rendered":"<p>Grand lampadaire de style Art Deco &#8211; Allemagne 1990<\/p>\n<hr \/>\n<p><b>Dimensions<\/b><\/p>\n<ul>\n<li><b>cm:<\/b> Diam 58 x 180<\/li>\n<li><b>inches:<\/b> Diam 22.83 x 70.87<\/li>\n<\/ul>\n","protected":false},"excerpt":{"rendered":"<p>Grand lampadaire de style Art Deco, structure en bois gain\u00e9e de peau imitation Python, cape et \u00e9l\u00e9ments d\u00e9coratifs en laiton nickel\u00e9.<\/p>\n<p>Allemagne vers 1990-2000.<\/p>\n<p><b>Dimensions<\/b><\/p>\n<ul>\n<li><b>cm:<\/b> Diam 58 x 180<\/li>\n<li><b>inches:<\/b> Diam 22.83 x 70.87<\/li>\n<\/ul>\n","protected":false},"featured_media":4765,"template":"","meta":{"_editorskit_title_hidden":false,"_editorskit_reading_time":0,"_editorskit_is_block_options_detached":false,"_editorskit_block_options_position":"{}","inline_featured_image":false},"product_brand":[],"product_cat":[264,330],"product_tag":[],"class_list":{"0":"post-4771","1":"product","2":"type-product","3":"status-publish","4":"has-post-thumbnail","6":"product_cat-luminaires","7":"product_cat-lampadaires","9":"first","10":"instock","11":"purchasable","12":"product-type-simple"},"_links":{"self":[{"href":"https:\/\/www.finsdesiecles-artdeco.com\/fr\/wp-json\/wp\/v2\/product\/4771","targetHints":{"allow":["GET"]}}],"collection":[{"href":"https:\/\/www.finsdesiecles-artdeco.com\/fr\/wp-json\/wp\/v2\/product"}],"about":[{"href":"https:\/\/www.finsdesiecles-artdeco.com\/fr\/wp-json\/wp\/v2\/types\/product"}],"wp:featuredmedia":[{"embeddable":true,"href":"https:\/\/www.finsdesiecles-artdeco.com\/fr\/wp-json\/wp\/v2\/media\/4765"}],"wp:attachment":[{"href":"https:\/\/www.finsdesiecles-artdeco.com\/fr\/wp-json\/wp\/v2\/media?parent=4771"}],"wp:term":[{"taxonomy":"product_brand","embeddable":true,"href":"https:\/\/www.finsdesiecles-artdeco.com\/fr\/wp-json\/wp\/v2\/product_brand?post=4771"},{"taxonomy":"product_cat","embeddable":true,"href":"https:\/\/www.finsdesiecles-artdeco.com\/fr\/wp-json\/wp\/v2\/product_cat?post=4771"},{"taxonomy":"product_tag","embeddable":true,"href":"https:\/\/www.finsdesiecles-artdeco.com\/fr\/wp-json\/wp\/v2\/product_tag?post=4771"}],"curies":[{"name":"wp","href":"https:\/\/api.w.org\/{rel}","templated":true}]}}

<p>Grand lampadaire de style Art Deco, structure en bois gainée de peau imitation Python, cape et éléments décoratifs en laiton nickelé.</p>
<p>Allemagne vers 1990-2000.</p>
<p><b>Dimensions</b></p>
<ul>
<li><b>cm:</b> Diam 58 x 180</li>
<li><b>inches:</b> Diam 22.83 x 70.87</li>
</ul>
