{"id":4905,"date":"2019-01-15T19:14:30","date_gmt":"2019-01-15T19:14:30","guid":{"rendered":"https:\/\/www.finsdesiecles-artdeco.com\/?product=fauteuils"},"modified":"2022-10-07T11:58:14","modified_gmt":"2022-10-07T11:58:14","slug":"fauteuil-a-bascule-espagne-1940","status":"publish","type":"product","link":"https:\/\/www.finsdesiecles-artdeco.com\/fr\/product\/fauteuil-a-bascule-espagne-1940\/","title":{"rendered":"Fauteuil \u00e0 bascule &#8211; Espagne 1940"},"content":{"rendered":"<p>Fauteuil \u00e0 bascule &#8211; Espagne 1940<\/p>\n<hr \/>\n<p><b>Dimensions<\/b><\/p>\n<ul>\n<li><b>cm:<\/b> 62 x 87 x 90 Assise 41<\/li>\n<li><b>inches:<\/b> 24.41 x 34.25 x 35.43 Assise 16.14<\/li>\n<\/ul>\n","protected":false},"excerpt":{"rendered":"<p>Amusant fauteuil \u00e0 bascule en h\u00eatre teint\u00e9 et verni au tampon, tapisserie restaur\u00e9e et refaite en cuir ivoire.<\/p>\n<p>Espagne vers 1940.<\/p>\n<p><b>Dimensions<\/b><\/p>\n<ul>\n<li><b>cm:<\/b> 62 x 87 x 90 Assise 41<\/li>\n<li><b>inches:<\/b> 24.41 x 34.25 x 35.43 Assise 16.14<\/li>\n<\/ul>\n","protected":false},"featured_media":4898,"template":"","meta":{"_editorskit_title_hidden":false,"_editorskit_reading_time":0,"_editorskit_is_block_options_detached":false,"_editorskit_block_options_position":"{}","inline_featured_image":false},"product_brand":[],"product_cat":[250,251],"product_tag":[],"class_list":{"0":"post-4905","1":"product","2":"type-product","3":"status-publish","4":"has-post-thumbnail","6":"product_cat-sieges","7":"product_cat-fauteuils","9":"first","10":"instock","11":"purchasable","12":"product-type-simple"},"_links":{"self":[{"href":"https:\/\/www.finsdesiecles-artdeco.com\/fr\/wp-json\/wp\/v2\/product\/4905","targetHints":{"allow":["GET"]}}],"collection":[{"href":"https:\/\/www.finsdesiecles-artdeco.com\/fr\/wp-json\/wp\/v2\/product"}],"about":[{"href":"https:\/\/www.finsdesiecles-artdeco.com\/fr\/wp-json\/wp\/v2\/types\/product"}],"wp:featuredmedia":[{"embeddable":true,"href":"https:\/\/www.finsdesiecles-artdeco.com\/fr\/wp-json\/wp\/v2\/media\/4898"}],"wp:attachment":[{"href":"https:\/\/www.finsdesiecles-artdeco.com\/fr\/wp-json\/wp\/v2\/media?parent=4905"}],"wp:term":[{"taxonomy":"product_brand","embeddable":true,"href":"https:\/\/www.finsdesiecles-artdeco.com\/fr\/wp-json\/wp\/v2\/product_brand?post=4905"},{"taxonomy":"product_cat","embeddable":true,"href":"https:\/\/www.finsdesiecles-artdeco.com\/fr\/wp-json\/wp\/v2\/product_cat?post=4905"},{"taxonomy":"product_tag","embeddable":true,"href":"https:\/\/www.finsdesiecles-artdeco.com\/fr\/wp-json\/wp\/v2\/product_tag?post=4905"}],"curies":[{"name":"wp","href":"https:\/\/api.w.org\/{rel}","templated":true}]}}

Fauteuil à bascule &#8211; Espagne 1940

<p>Fauteuil à bascule &#8211; Espagne 1940</p>
<hr />
<p><b>Dimensions</b></p>
<ul>
<li><b>cm:</b> 62 x 87 x 90 Assise 41</li>
<li><b>inches:</b> 24.41 x 34.25 x 35.43 Assise 16.14</li>
</ul>

<p>Amusant fauteuil à bascule en hêtre teinté et verni au tampon, tapisserie restaurée et refaite en cuir ivoire.</p>
<p>Espagne vers 1940.</p>
<p><b>Dimensions</b></p>
<ul>
<li><b>cm:</b> 62 x 87 x 90 Assise 41</li>
<li><b>inches:</b> 24.41 x 34.25 x 35.43 Assise 16.14</li>
</ul>
