{"id":4922,"date":"2019-01-28T17:22:47","date_gmt":"2019-01-28T17:22:47","guid":{"rendered":"https:\/\/www.finsdesiecles-artdeco.com\/?product=miroirs"},"modified":"2022-10-07T11:43:32","modified_gmt":"2022-10-07T11:43:32","slug":"miroir-courbe-par-campo-et-graffi-italie-vers-1960","status":"publish","type":"product","link":"https:\/\/www.finsdesiecles-artdeco.com\/fr\/product\/miroir-courbe-par-campo-et-graffi-italie-vers-1960\/","title":{"rendered":"Miroir courb\u00e9 par Campo et Graffi &#8211; Italie vers 1960"},"content":{"rendered":"<p>Miroir courb\u00e9 par Campo et Graffi &#8211; Italie vers 1960.<\/p>\n<hr \/>\n<p><b>Dimensions<\/b><\/p>\n<ul>\n<li><b>cm:<\/b> 47 x 7 x 116<\/li>\n<li><b>inches:<\/b> 18.5 x 2.76 x 45.67<\/li>\n<\/ul>\n","protected":false},"excerpt":{"rendered":"<p>Grand miroir aux extr\u00e9mit\u00e9s courb\u00e9es, teck et glace.<\/p>\n<p>Design: Franco Campo et Carlo Graffi.<\/p>\n<p>Italie vers 1960.<\/p>\n<p><b>Dimensions<\/b><\/p>\n<ul>\n<li><b>cm:<\/b> 47 x 7 x 116<\/li>\n<li><b>inches:<\/b> 18.5 x 2.76 x 45.67<\/li>\n<\/ul>\n","protected":false},"featured_media":4918,"template":"","meta":{"_editorskit_title_hidden":false,"_editorskit_reading_time":0,"_editorskit_is_block_options_detached":false,"_editorskit_block_options_position":"{}","inline_featured_image":false},"product_brand":[],"product_cat":[342,454],"product_tag":[],"class_list":{"0":"post-4922","1":"product","2":"type-product","3":"status-publish","4":"has-post-thumbnail","6":"product_cat-miroirs","7":"product_cat-miroirs-fr","9":"first","10":"instock","11":"purchasable","12":"product-type-simple"},"_links":{"self":[{"href":"https:\/\/www.finsdesiecles-artdeco.com\/fr\/wp-json\/wp\/v2\/product\/4922","targetHints":{"allow":["GET"]}}],"collection":[{"href":"https:\/\/www.finsdesiecles-artdeco.com\/fr\/wp-json\/wp\/v2\/product"}],"about":[{"href":"https:\/\/www.finsdesiecles-artdeco.com\/fr\/wp-json\/wp\/v2\/types\/product"}],"wp:featuredmedia":[{"embeddable":true,"href":"https:\/\/www.finsdesiecles-artdeco.com\/fr\/wp-json\/wp\/v2\/media\/4918"}],"wp:attachment":[{"href":"https:\/\/www.finsdesiecles-artdeco.com\/fr\/wp-json\/wp\/v2\/media?parent=4922"}],"wp:term":[{"taxonomy":"product_brand","embeddable":true,"href":"https:\/\/www.finsdesiecles-artdeco.com\/fr\/wp-json\/wp\/v2\/product_brand?post=4922"},{"taxonomy":"product_cat","embeddable":true,"href":"https:\/\/www.finsdesiecles-artdeco.com\/fr\/wp-json\/wp\/v2\/product_cat?post=4922"},{"taxonomy":"product_tag","embeddable":true,"href":"https:\/\/www.finsdesiecles-artdeco.com\/fr\/wp-json\/wp\/v2\/product_tag?post=4922"}],"curies":[{"name":"wp","href":"https:\/\/api.w.org\/{rel}","templated":true}]}}

Miroir courbé par Campo et Graffi &#8211; Italie vers 1960

<p>Miroir courbé par Campo et Graffi &#8211; Italie vers 1960.</p>
<hr />
<p><b>Dimensions</b></p>
<ul>
<li><b>cm:</b> 47 x 7 x 116</li>
<li><b>inches:</b> 18.5 x 2.76 x 45.67</li>
</ul>

<p>Grand miroir aux extrémités courbées, teck et glace.</p>
<p>Design: Franco Campo et Carlo Graffi.</p>
<p>Italie vers 1960.</p>
<p><b>Dimensions</b></p>
<ul>
<li><b>cm:</b> 47 x 7 x 116</li>
<li><b>inches:</b> 18.5 x 2.76 x 45.67</li>
</ul>
