{"id":4993,"date":"2019-02-19T12:18:34","date_gmt":"2019-02-19T12:18:34","guid":{"rendered":"https:\/\/www.finsdesiecles-artdeco.com\/?product=fauteuils"},"modified":"2022-10-07T11:16:13","modified_gmt":"2022-10-07T11:16:13","slug":"paire-de-chaises-basses-italie-1940","status":"publish","type":"product","link":"https:\/\/www.finsdesiecles-artdeco.com\/fr\/product\/paire-de-chaises-basses-italie-1940\/","title":{"rendered":"Paire de chaises basses &#8211; Italie 1940"},"content":{"rendered":"<p>Paire de chaises basses &#8211; Italie 1940<\/p>\n<hr \/>\n<p><b>Dimensions<\/b><\/p>\n<ul>\n<li><b>cm:<\/b> 61 x 57 x 86 Assise 30<\/li>\n<li><b>inches:<\/b> 24.02 x 22.44 x 33.86 Assise 11.81<\/li>\n<\/ul>\n","protected":false},"excerpt":{"rendered":"<p>Paire de chaises basses \u00e0 structure en bois garnies et tapiss\u00e9es de neuf en laine chin\u00e9e vert-blanc-beige. Pieds en h\u00eatre clair, finition et couleur au choix.<\/p>\n<p>Italie vers 1940.<\/p>\n<p><b>Dimensions<\/b><\/p>\n<ul>\n<li><b>cm:<\/b> 61 x 57 x 86 Assise 30<\/li>\n<li><b>inches:<\/b> 24.02 x 22.44 x 33.86 Assise 11.81<\/li>\n<\/ul>\n","protected":false},"featured_media":4984,"template":"","meta":{"_editorskit_title_hidden":false,"_editorskit_reading_time":0,"_editorskit_is_block_options_detached":false,"_editorskit_block_options_position":"{}","inline_featured_image":false},"product_brand":[],"product_cat":[250,440],"product_tag":[],"class_list":{"0":"post-4993","1":"product","2":"type-product","3":"status-publish","4":"has-post-thumbnail","6":"product_cat-sieges","7":"product_cat-chauffeuses","9":"first","10":"instock","11":"purchasable","12":"product-type-simple"},"_links":{"self":[{"href":"https:\/\/www.finsdesiecles-artdeco.com\/fr\/wp-json\/wp\/v2\/product\/4993","targetHints":{"allow":["GET"]}}],"collection":[{"href":"https:\/\/www.finsdesiecles-artdeco.com\/fr\/wp-json\/wp\/v2\/product"}],"about":[{"href":"https:\/\/www.finsdesiecles-artdeco.com\/fr\/wp-json\/wp\/v2\/types\/product"}],"wp:featuredmedia":[{"embeddable":true,"href":"https:\/\/www.finsdesiecles-artdeco.com\/fr\/wp-json\/wp\/v2\/media\/4984"}],"wp:attachment":[{"href":"https:\/\/www.finsdesiecles-artdeco.com\/fr\/wp-json\/wp\/v2\/media?parent=4993"}],"wp:term":[{"taxonomy":"product_brand","embeddable":true,"href":"https:\/\/www.finsdesiecles-artdeco.com\/fr\/wp-json\/wp\/v2\/product_brand?post=4993"},{"taxonomy":"product_cat","embeddable":true,"href":"https:\/\/www.finsdesiecles-artdeco.com\/fr\/wp-json\/wp\/v2\/product_cat?post=4993"},{"taxonomy":"product_tag","embeddable":true,"href":"https:\/\/www.finsdesiecles-artdeco.com\/fr\/wp-json\/wp\/v2\/product_tag?post=4993"}],"curies":[{"name":"wp","href":"https:\/\/api.w.org\/{rel}","templated":true}]}}

<p>Paire de chaises basses à structure en bois garnies et tapissées de neuf en laine chinée vert-blanc-beige. Pieds en hêtre clair, finition et couleur au choix.</p>
<p>Italie vers 1940.</p>
<p><b>Dimensions</b></p>
<ul>
<li><b>cm:</b> 61 x 57 x 86 Assise 30</li>
<li><b>inches:</b> 24.02 x 22.44 x 33.86 Assise 11.81</li>
</ul>
