{"id":5039,"date":"2019-02-26T17:46:49","date_gmt":"2019-02-26T17:46:49","guid":{"rendered":"https:\/\/www.finsdesiecles-artdeco.com\/?product=appliques"},"modified":"2022-10-07T10:54:39","modified_gmt":"2022-10-07T10:54:39","slug":"applique-decorative-barcelone-1950","status":"publish","type":"product","link":"https:\/\/www.finsdesiecles-artdeco.com\/fr\/product\/applique-decorative-barcelone-1950\/","title":{"rendered":"Applique d\u00e9corative &#8211; Barcelone 1950"},"content":{"rendered":"<p>Applique d\u00e9corative &#8211; Barcelone 1950<\/p>\n<hr \/>\n<p><b>Dimensions<\/b><\/p>\n<ul>\n<li><b>cm:<\/b> 47 x 17 x 74<\/li>\n<li><b>inches:<\/b> 18.5 x 6.69 x 29.13<\/li>\n<\/ul>\n","protected":false},"excerpt":{"rendered":"<p>Grande applique d\u00e9corative \u00e0 motifs floraux en fer forg\u00e9 dor\u00e9, verre taill\u00e9 rose ou blanc, petites fleurs en cristal. Electricit\u00e9 neuve.<\/p>\n<p>Espagne, Barcelone vers 1950.<\/p>\n<p><b>Dimensions<\/b><\/p>\n<ul>\n<li><b>cm:<\/b> 47 x 17 x 74<\/li>\n<li><b>inches:<\/b> 18.5 x 6.69 x 29.13<\/li>\n<\/ul>\n","protected":false},"featured_media":5033,"template":"","meta":{"_editorskit_title_hidden":false,"_editorskit_reading_time":0,"_editorskit_is_block_options_detached":false,"_editorskit_block_options_position":"{}","inline_featured_image":false},"product_brand":[],"product_cat":[264,354],"product_tag":[],"class_list":{"0":"post-5039","1":"product","2":"type-product","3":"status-publish","4":"has-post-thumbnail","6":"product_cat-luminaires","7":"product_cat-appliques","9":"first","10":"instock","11":"purchasable","12":"product-type-simple"},"_links":{"self":[{"href":"https:\/\/www.finsdesiecles-artdeco.com\/fr\/wp-json\/wp\/v2\/product\/5039","targetHints":{"allow":["GET"]}}],"collection":[{"href":"https:\/\/www.finsdesiecles-artdeco.com\/fr\/wp-json\/wp\/v2\/product"}],"about":[{"href":"https:\/\/www.finsdesiecles-artdeco.com\/fr\/wp-json\/wp\/v2\/types\/product"}],"wp:featuredmedia":[{"embeddable":true,"href":"https:\/\/www.finsdesiecles-artdeco.com\/fr\/wp-json\/wp\/v2\/media\/5033"}],"wp:attachment":[{"href":"https:\/\/www.finsdesiecles-artdeco.com\/fr\/wp-json\/wp\/v2\/media?parent=5039"}],"wp:term":[{"taxonomy":"product_brand","embeddable":true,"href":"https:\/\/www.finsdesiecles-artdeco.com\/fr\/wp-json\/wp\/v2\/product_brand?post=5039"},{"taxonomy":"product_cat","embeddable":true,"href":"https:\/\/www.finsdesiecles-artdeco.com\/fr\/wp-json\/wp\/v2\/product_cat?post=5039"},{"taxonomy":"product_tag","embeddable":true,"href":"https:\/\/www.finsdesiecles-artdeco.com\/fr\/wp-json\/wp\/v2\/product_tag?post=5039"}],"curies":[{"name":"wp","href":"https:\/\/api.w.org\/{rel}","templated":true}]}}

Applique décorative &#8211; Barcelone 1950

<p>Applique décorative &#8211; Barcelone 1950</p>
<hr />
<p><b>Dimensions</b></p>
<ul>
<li><b>cm:</b> 47 x 17 x 74</li>
<li><b>inches:</b> 18.5 x 6.69 x 29.13</li>
</ul>

<p>Grande applique décorative à motifs floraux en fer forgé doré, verre taillé rose ou blanc, petites fleurs en cristal. Electricité neuve.</p>
<p>Espagne, Barcelone vers 1950.</p>
<p><b>Dimensions</b></p>
<ul>
<li><b>cm:</b> 47 x 17 x 74</li>
<li><b>inches:</b> 18.5 x 6.69 x 29.13</li>
</ul>
