{"id":5181,"date":"2019-03-19T17:56:22","date_gmt":"2019-03-19T17:56:22","guid":{"rendered":"https:\/\/www.finsdesiecles-artdeco.com\/?product=appliques"},"modified":"2023-04-06T09:23:58","modified_gmt":"2023-04-06T09:23:58","slug":"applique-par-ignazio-gardella-italie-1960","status":"publish","type":"product","link":"https:\/\/www.finsdesiecles-artdeco.com\/fr\/product\/applique-par-ignazio-gardella-italie-1960\/","title":{"rendered":"Applique par Ignazio Gardella &#8211; Italie 1960"},"content":{"rendered":"<p><strong>Ignazio Gardella<\/strong> (Milan, Italie 1905-1999)<\/p>\n<p>Architecte et designer industriel, Ignazio Gardella est consid\u00e9r\u00e9 comme un pilier de la troisi\u00e8me g\u00e9n\u00e9ration du mouvement moderne italien et se distingue par son incarnation du rationalisme italien. Co-fondateur de la soci\u00e9t\u00e9 de design Azucena, il poss\u00e8de un vaste portefeuille de conceptions architecturales, ainsi que de luminaires et de meubles. Parmi ses principaux travaux des ann\u00e9es 1930 figurent l&rsquo;agrandissement de la Villa Borletti \u00e0 Milan (1936) et le dispensaire antituberculeux d&rsquo;Alessandria (1938). Apr\u00e8s la guerre, il prend une part active au d\u00e9bat architectural : membre du MSA (Mouvement des \u00e9tudes d&rsquo;architecture), il participe en 1947 au premier congr\u00e8s de l&rsquo;INU (Institut National d&rsquo;Urbanisme) et, entre 1952 et 1956, avec Alberto Samon\u00e0, Franco Albini et Ernesto N. Rogers, il dirige le cours d&rsquo;\u00e9t\u00e9 du CIAM (Congr\u00e8s international d&rsquo;architecture moderne) \u00e0 Venise. Ses travaux d&rsquo;apr\u00e8s-guerre comprennent une auberge pour les employ\u00e9s Borsalino \u00e0 Alessandria (1952), la galerie d&rsquo;art contemporain de Milan (1953), une maison au Zattere \u00e0 Venise et la cantine Olivetti \u00e0 Ivrea (avec Roberto Guiducci, tous deux en 1958), les bureaux d&rsquo;Alfa Romeo \u00e0 Arese (1972), le Monument aux morts de la lutte partisane, la Piazza della Loggia \u00e0 Brescia (1984, 1988) et le nouveau Th\u00e9\u00e2tre Carlo Felice \u00e0 G\u00eanes (avec Aldo Rossi et Fabio Reinhardt, 1990).<\/p>\n","protected":false},"excerpt":{"rendered":"<p>Applique en acier, laiton et verre press\u00e9.<\/p>\n<p>Mod\u00e8le: LP6<\/p>\n<p>Design: Ignazio Gardella<\/p>\n<p>Italie vers 1960.<\/p>\n<p>&nbsp;<\/p>\n<p>Cinq unit\u00e9s en stock.<\/p>\n<p><strong>R\u00c9SERV\u00c9S<\/strong><\/p>\n<p>&nbsp;<\/p>\n<p><b>Dimensions<\/b><\/p>\n<ul>\n<li><b>cm:<\/b> 20 x 21 x 23<\/li>\n<li><b>inches:<\/b> 7.87 x 8.27 x 9.06<\/li>\n<\/ul>\n","protected":false},"featured_media":5175,"template":"","meta":{"_editorskit_title_hidden":false,"_editorskit_reading_time":0,"_editorskit_is_block_options_detached":false,"_editorskit_block_options_position":"{}","inline_featured_image":false},"product_brand":[],"product_cat":[354,264],"product_tag":[],"class_list":{"0":"post-5181","1":"product","2":"type-product","3":"status-publish","4":"has-post-thumbnail","6":"product_cat-appliques","7":"product_cat-luminaires","9":"first","10":"outofstock","11":"product-type-simple"},"_links":{"self":[{"href":"https:\/\/www.finsdesiecles-artdeco.com\/fr\/wp-json\/wp\/v2\/product\/5181","targetHints":{"allow":["GET"]}}],"collection":[{"href":"https:\/\/www.finsdesiecles-artdeco.com\/fr\/wp-json\/wp\/v2\/product"}],"about":[{"href":"https:\/\/www.finsdesiecles-artdeco.com\/fr\/wp-json\/wp\/v2\/types\/product"}],"wp:featuredmedia":[{"embeddable":true,"href":"https:\/\/www.finsdesiecles-artdeco.com\/fr\/wp-json\/wp\/v2\/media\/5175"}],"wp:attachment":[{"href":"https:\/\/www.finsdesiecles-artdeco.com\/fr\/wp-json\/wp\/v2\/media?parent=5181"}],"wp:term":[{"taxonomy":"product_brand","embeddable":true,"href":"https:\/\/www.finsdesiecles-artdeco.com\/fr\/wp-json\/wp\/v2\/product_brand?post=5181"},{"taxonomy":"product_cat","embeddable":true,"href":"https:\/\/www.finsdesiecles-artdeco.com\/fr\/wp-json\/wp\/v2\/product_cat?post=5181"},{"taxonomy":"product_tag","embeddable":true,"href":"https:\/\/www.finsdesiecles-artdeco.com\/fr\/wp-json\/wp\/v2\/product_tag?post=5181"}],"curies":[{"name":"wp","href":"https:\/\/api.w.org\/{rel}","templated":true}]}}

<p><strong>Ignazio Gardella</strong> (Milan, Italie 1905-1999)</p>
<p>Architecte et designer industriel, Ignazio Gardella est considéré comme un pilier de la troisième génération du mouvement moderne italien et se distingue par son incarnation du rationalisme italien. Co-fondateur de la société de design Azucena, il possède un vaste portefeuille de conceptions architecturales, ainsi que de luminaires et de meubles. Parmi ses principaux travaux des années 1930 figurent l&rsquo;agrandissement de la Villa Borletti à Milan (1936) et le dispensaire antituberculeux d&rsquo;Alessandria (1938). Après la guerre, il prend une part active au débat architectural : membre du MSA (Mouvement des études d&rsquo;architecture), il participe en 1947 au premier congrès de l&rsquo;INU (Institut National d&rsquo;Urbanisme) et, entre 1952 et 1956, avec Alberto Samonà, Franco Albini et Ernesto N. Rogers, il dirige le cours d&rsquo;été du CIAM (Congrès international d&rsquo;architecture moderne) à Venise. Ses travaux d&rsquo;après-guerre comprennent une auberge pour les employés Borsalino à Alessandria (1952), la galerie d&rsquo;art contemporain de Milan (1953), une maison au Zattere à Venise et la cantine Olivetti à Ivrea (avec Roberto Guiducci, tous deux en 1958), les bureaux d&rsquo;Alfa Romeo à Arese (1972), le Monument aux morts de la lutte partisane, la Piazza della Loggia à Brescia (1984, 1988) et le nouveau Théâtre Carlo Felice à Gênes (avec Aldo Rossi et Fabio Reinhardt, 1990).</p>

<p>Applique en acier, laiton et verre pressé.</p>
<p>Modèle: LP6</p>
<p>Design: Ignazio Gardella</p>
<p>Italie vers 1960.</p>
<p>&nbsp;</p>
<p>Cinq unités en stock.</p>
<p><strong>RÉSERVÉS</strong></p>
<p>&nbsp;</p>
<p><b>Dimensions</b></p>
<ul>
<li><b>cm:</b> 20 x 21 x 23</li>
<li><b>inches:</b> 7.87 x 8.27 x 9.06</li>
</ul>
