{"id":5637,"date":"2019-09-14T16:53:42","date_gmt":"2019-09-14T16:53:42","guid":{"rendered":"https:\/\/www.finsdesiecles-artdeco.com\/?product=sculptures"},"modified":"2022-09-30T11:11:27","modified_gmt":"2022-09-30T11:11:27","slug":"tete-en-platre-par-goddard-belgique-1951","status":"publish","type":"product","link":"https:\/\/www.finsdesiecles-artdeco.com\/fr\/product\/tete-en-platre-par-goddard-belgique-1951\/","title":{"rendered":"T\u00eate en pl\u00e2tre par Goddard &#8211; Belgique 1951"},"content":{"rendered":"<p>T\u00eate en pl\u00e2tre par Goddard &#8211; Belgique 1951<\/p>\n<hr \/>\n<p><b>Dimensions<\/b><\/p>\n<ul>\n<li><b>cm:<\/b> 18 x 22 x 31<\/li>\n<li><b>inches:<\/b> 7.09 x 8.66 x 12.2<\/li>\n<\/ul>\n","protected":false},"excerpt":{"rendered":"<p>T\u00eate en pl\u00e2tre africaniste patin\u00e9e.<\/p>\n<p>Sign\u00e9 et dat\u00e9: F.X. Goddard 51<\/p>\n<p>Belgique 1951<\/p>\n<p><b>Dimensions<\/b><\/p>\n<ul>\n<li><b>cm:<\/b> 18 x 22 x 31<\/li>\n<li><b>inches:<\/b> 7.09 x 8.66 x 12.2<\/li>\n<\/ul>\n","protected":false},"featured_media":5625,"template":"","meta":{"_editorskit_title_hidden":false,"_editorskit_reading_time":0,"_editorskit_is_block_options_detached":false,"_editorskit_block_options_position":"{}","inline_featured_image":false},"product_brand":[],"product_cat":[267,464],"product_tag":[],"class_list":{"0":"post-5637","1":"product","2":"type-product","3":"status-publish","4":"has-post-thumbnail","6":"product_cat-objets-et-accessoires","7":"product_cat-objets-decoratifs","9":"first","10":"instock","11":"purchasable","12":"product-type-simple"},"_links":{"self":[{"href":"https:\/\/www.finsdesiecles-artdeco.com\/fr\/wp-json\/wp\/v2\/product\/5637","targetHints":{"allow":["GET"]}}],"collection":[{"href":"https:\/\/www.finsdesiecles-artdeco.com\/fr\/wp-json\/wp\/v2\/product"}],"about":[{"href":"https:\/\/www.finsdesiecles-artdeco.com\/fr\/wp-json\/wp\/v2\/types\/product"}],"wp:featuredmedia":[{"embeddable":true,"href":"https:\/\/www.finsdesiecles-artdeco.com\/fr\/wp-json\/wp\/v2\/media\/5625"}],"wp:attachment":[{"href":"https:\/\/www.finsdesiecles-artdeco.com\/fr\/wp-json\/wp\/v2\/media?parent=5637"}],"wp:term":[{"taxonomy":"product_brand","embeddable":true,"href":"https:\/\/www.finsdesiecles-artdeco.com\/fr\/wp-json\/wp\/v2\/product_brand?post=5637"},{"taxonomy":"product_cat","embeddable":true,"href":"https:\/\/www.finsdesiecles-artdeco.com\/fr\/wp-json\/wp\/v2\/product_cat?post=5637"},{"taxonomy":"product_tag","embeddable":true,"href":"https:\/\/www.finsdesiecles-artdeco.com\/fr\/wp-json\/wp\/v2\/product_tag?post=5637"}],"curies":[{"name":"wp","href":"https:\/\/api.w.org\/{rel}","templated":true}]}}

Tête en plâtre par Goddard &#8211; Belgique 1951

<p>Tête en plâtre par Goddard &#8211; Belgique 1951</p>
<hr />
<p><b>Dimensions</b></p>
<ul>
<li><b>cm:</b> 18 x 22 x 31</li>
<li><b>inches:</b> 7.09 x 8.66 x 12.2</li>
</ul>

<p>Tête en plâtre africaniste patinée.</p>
<p>Signé et daté: F.X. Goddard 51</p>
<p>Belgique 1951</p>
<p><b>Dimensions</b></p>
<ul>
<li><b>cm:</b> 18 x 22 x 31</li>
<li><b>inches:</b> 7.09 x 8.66 x 12.2</li>
</ul>
