{"id":5688,"date":"2019-09-30T12:53:18","date_gmt":"2019-09-30T12:53:18","guid":{"rendered":"https:\/\/www.finsdesiecles-artdeco.com\/?product=gueridons"},"modified":"2022-09-29T11:45:16","modified_gmt":"2022-09-29T11:45:16","slug":"table-de-fumeur-art-deco-belgique-1935","status":"publish","type":"product","link":"https:\/\/www.finsdesiecles-artdeco.com\/fr\/product\/table-de-fumeur-art-deco-belgique-1935\/","title":{"rendered":"Table de fumeur Art D\u00e9co &#8211; Belgique 1935"},"content":{"rendered":"<p>Table de fumeur Art D\u00e9co &#8211; Belgique 1935<\/p>\n<hr \/>\n<p><b>Dimensions<\/b><\/p>\n<ul>\n<li><b>cm:<\/b> 63 x 39 x 76<\/li>\n<li><b>inches:<\/b> 24.8 x 15.35 x 29.92<\/li>\n<\/ul>\n","protected":false},"excerpt":{"rendered":"<p>Table de fumeur Art D\u00e9co \u00e0 pi\u00e8tement en m\u00e9tal chrom\u00e9 finissant par des boules en bakelite, une \u00e9tag\u00e8re r\u00e9glable en hauteur, cendrier avec porte-allumettes en chrome et bak\u00e9lite, tablette en bois massif plaqu\u00e9 d&rsquo;une marqueterie d&rsquo;\u00e9b\u00e8ne de Macassar vernis au tampon.<\/p>\n<p>Belgique vers 1935.<\/p>\n<p><b>Dimensions<\/b><\/p>\n<ul>\n<li><b>cm:<\/b> 63 x 39 x 76<\/li>\n<li><b>inches:<\/b> 24.8 x 15.35 x 29.92<\/li>\n<\/ul>\n","protected":false},"featured_media":5680,"template":"","meta":{"_editorskit_title_hidden":false,"_editorskit_reading_time":0,"_editorskit_is_block_options_detached":false,"_editorskit_block_options_position":"{}","inline_featured_image":false},"product_brand":[],"product_cat":[256,257],"product_tag":[],"class_list":{"0":"post-5688","1":"product","2":"type-product","3":"status-publish","4":"has-post-thumbnail","6":"product_cat-tables","7":"product_cat-gueridons","9":"first","10":"instock","11":"purchasable","12":"product-type-simple"},"_links":{"self":[{"href":"https:\/\/www.finsdesiecles-artdeco.com\/fr\/wp-json\/wp\/v2\/product\/5688","targetHints":{"allow":["GET"]}}],"collection":[{"href":"https:\/\/www.finsdesiecles-artdeco.com\/fr\/wp-json\/wp\/v2\/product"}],"about":[{"href":"https:\/\/www.finsdesiecles-artdeco.com\/fr\/wp-json\/wp\/v2\/types\/product"}],"wp:featuredmedia":[{"embeddable":true,"href":"https:\/\/www.finsdesiecles-artdeco.com\/fr\/wp-json\/wp\/v2\/media\/5680"}],"wp:attachment":[{"href":"https:\/\/www.finsdesiecles-artdeco.com\/fr\/wp-json\/wp\/v2\/media?parent=5688"}],"wp:term":[{"taxonomy":"product_brand","embeddable":true,"href":"https:\/\/www.finsdesiecles-artdeco.com\/fr\/wp-json\/wp\/v2\/product_brand?post=5688"},{"taxonomy":"product_cat","embeddable":true,"href":"https:\/\/www.finsdesiecles-artdeco.com\/fr\/wp-json\/wp\/v2\/product_cat?post=5688"},{"taxonomy":"product_tag","embeddable":true,"href":"https:\/\/www.finsdesiecles-artdeco.com\/fr\/wp-json\/wp\/v2\/product_tag?post=5688"}],"curies":[{"name":"wp","href":"https:\/\/api.w.org\/{rel}","templated":true}]}}

Table de fumeur Art Déco &#8211; Belgique 1935

<p>Table de fumeur Art Déco &#8211; Belgique 1935</p>
<hr />
<p><b>Dimensions</b></p>
<ul>
<li><b>cm:</b> 63 x 39 x 76</li>
<li><b>inches:</b> 24.8 x 15.35 x 29.92</li>
</ul>

<p>Table de fumeur Art Déco à piètement en métal chromé finissant par des boules en bakelite, une étagère réglable en hauteur, cendrier avec porte-allumettes en chrome et bakélite, tablette en bois massif plaqué d&rsquo;une marqueterie d&rsquo;ébène de Macassar vernis au tampon.</p>
<p>Belgique vers 1935.</p>
<p><b>Dimensions</b></p>
<ul>
<li><b>cm:</b> 63 x 39 x 76</li>
<li><b>inches:</b> 24.8 x 15.35 x 29.92</li>
</ul>
