{"id":5795,"date":"2019-11-23T11:26:52","date_gmt":"2019-11-23T11:26:52","guid":{"rendered":"https:\/\/www.finsdesiecles-artdeco.com\/?product=fauteuils"},"modified":"2022-09-24T17:28:07","modified_gmt":"2022-09-24T17:28:07","slug":"paire-de-fauteuils-italie-1960","status":"publish","type":"product","link":"https:\/\/www.finsdesiecles-artdeco.com\/fr\/product\/paire-de-fauteuils-italie-1960\/","title":{"rendered":"Paire de fauteuils &#8211; Italie 1960"},"content":{"rendered":"<p>Paire de fauteuils &#8211; Italie 1960<\/p>\n<hr \/>\n<p><b>Dimensions<\/b><\/p>\n<ul>\n<li><b>cm:<\/b> 74 x 87 x 93 Assise 44<\/li>\n<li><b>inches:<\/b> 29.13 x 34.25 x 36.61 Assise 17.32<\/li>\n<\/ul>\n","protected":false},"excerpt":{"rendered":"<p>Paire de fauteuils \u00e0 structure en bois et m\u00e9tal enti\u00e8rement restaur\u00e9s, rembourrage et tapisserie refaits \u00e0 neuf en tissu chin\u00e9 blanc-gris-marron. Pieds en acier noir\u00e7i et laiton poli.<\/p>\n<p>Italie vers 1960.<\/p>\n<p><b>Dimensions<\/b><\/p>\n<ul>\n<li><b>cm:<\/b> 74 x 87 x 93 Assise 44<\/li>\n<li><b>inches:<\/b> 29.13 x 34.25 x 36.61 Assise 17.32<\/li>\n<\/ul>\n","protected":false},"featured_media":5787,"template":"","meta":{"_editorskit_title_hidden":false,"_editorskit_reading_time":0,"_editorskit_is_block_options_detached":false,"_editorskit_block_options_position":"{}","inline_featured_image":false},"product_brand":[],"product_cat":[250,251],"product_tag":[],"class_list":{"0":"post-5795","1":"product","2":"type-product","3":"status-publish","4":"has-post-thumbnail","6":"product_cat-sieges","7":"product_cat-fauteuils","9":"first","10":"instock","11":"purchasable","12":"product-type-simple"},"_links":{"self":[{"href":"https:\/\/www.finsdesiecles-artdeco.com\/fr\/wp-json\/wp\/v2\/product\/5795","targetHints":{"allow":["GET"]}}],"collection":[{"href":"https:\/\/www.finsdesiecles-artdeco.com\/fr\/wp-json\/wp\/v2\/product"}],"about":[{"href":"https:\/\/www.finsdesiecles-artdeco.com\/fr\/wp-json\/wp\/v2\/types\/product"}],"wp:featuredmedia":[{"embeddable":true,"href":"https:\/\/www.finsdesiecles-artdeco.com\/fr\/wp-json\/wp\/v2\/media\/5787"}],"wp:attachment":[{"href":"https:\/\/www.finsdesiecles-artdeco.com\/fr\/wp-json\/wp\/v2\/media?parent=5795"}],"wp:term":[{"taxonomy":"product_brand","embeddable":true,"href":"https:\/\/www.finsdesiecles-artdeco.com\/fr\/wp-json\/wp\/v2\/product_brand?post=5795"},{"taxonomy":"product_cat","embeddable":true,"href":"https:\/\/www.finsdesiecles-artdeco.com\/fr\/wp-json\/wp\/v2\/product_cat?post=5795"},{"taxonomy":"product_tag","embeddable":true,"href":"https:\/\/www.finsdesiecles-artdeco.com\/fr\/wp-json\/wp\/v2\/product_tag?post=5795"}],"curies":[{"name":"wp","href":"https:\/\/api.w.org\/{rel}","templated":true}]}}

<p>Paire de fauteuils à structure en bois et métal entièrement restaurés, rembourrage et tapisserie refaits à neuf en tissu chiné blanc-gris-marron. Pieds en acier noirçi et laiton poli.</p>
<p>Italie vers 1960.</p>
<p><b>Dimensions</b></p>
<ul>
<li><b>cm:</b> 74 x 87 x 93 Assise 44</li>
<li><b>inches:</b> 29.13 x 34.25 x 36.61 Assise 17.32</li>
</ul>
