{"id":6143,"date":"2020-02-22T17:07:24","date_gmt":"2020-02-22T17:07:24","guid":{"rendered":"https:\/\/www.finsdesiecles-artdeco.com\/?product=chaises"},"modified":"2023-05-18T14:33:26","modified_gmt":"2023-05-18T14:33:26","slug":"paire-de-chaises-chiavarine-italie-1940","status":"publish","type":"product","link":"https:\/\/www.finsdesiecles-artdeco.com\/fr\/product\/paire-de-chaises-chiavarine-italie-1940\/","title":{"rendered":"Paire de chaises Chiavari &#8211; Italie 1940"},"content":{"rendered":"<p>Paire de chaises Chiavari &#8211; Italie 1940<\/p>\n<hr \/>\n<p><b>Dimensions<\/b><\/p>\n<ul>\n<li><b>cm:<\/b> 44 x 47 x 131 Assise 47<\/li>\n<li><b>inches:<\/b> 17.32 x 18.5 x 51.57 Assise 18.5<\/li>\n<\/ul>\n","protected":false},"excerpt":{"rendered":"<p>Paire de chaises Chiavari en \u00e9rable massif verni, garniture et tapisserie refaites \u00e0 neuf en velours moir\u00e9 couleur taupe.<\/p>\n<p>Italie vers 1940.<\/p>\n<p><b>Dimensions<\/b><\/p>\n<ul>\n<li><b>cm:<\/b> 44 x 47 x 131 Assise 47<\/li>\n<li><b>inches:<\/b> 17.32 x 18.5 x 51.57 Assise 18.5<\/li>\n<\/ul>\n","protected":false},"featured_media":6135,"template":"","meta":{"_editorskit_title_hidden":false,"_editorskit_reading_time":0,"_editorskit_is_block_options_detached":false,"_editorskit_block_options_position":"{}","inline_featured_image":false},"product_brand":[],"product_cat":[250,279],"product_tag":[],"class_list":{"0":"post-6143","1":"product","2":"type-product","3":"status-publish","4":"has-post-thumbnail","6":"product_cat-sieges","7":"product_cat-chaises","9":"first","10":"instock","11":"purchasable","12":"product-type-simple"},"_links":{"self":[{"href":"https:\/\/www.finsdesiecles-artdeco.com\/fr\/wp-json\/wp\/v2\/product\/6143","targetHints":{"allow":["GET"]}}],"collection":[{"href":"https:\/\/www.finsdesiecles-artdeco.com\/fr\/wp-json\/wp\/v2\/product"}],"about":[{"href":"https:\/\/www.finsdesiecles-artdeco.com\/fr\/wp-json\/wp\/v2\/types\/product"}],"wp:featuredmedia":[{"embeddable":true,"href":"https:\/\/www.finsdesiecles-artdeco.com\/fr\/wp-json\/wp\/v2\/media\/6135"}],"wp:attachment":[{"href":"https:\/\/www.finsdesiecles-artdeco.com\/fr\/wp-json\/wp\/v2\/media?parent=6143"}],"wp:term":[{"taxonomy":"product_brand","embeddable":true,"href":"https:\/\/www.finsdesiecles-artdeco.com\/fr\/wp-json\/wp\/v2\/product_brand?post=6143"},{"taxonomy":"product_cat","embeddable":true,"href":"https:\/\/www.finsdesiecles-artdeco.com\/fr\/wp-json\/wp\/v2\/product_cat?post=6143"},{"taxonomy":"product_tag","embeddable":true,"href":"https:\/\/www.finsdesiecles-artdeco.com\/fr\/wp-json\/wp\/v2\/product_tag?post=6143"}],"curies":[{"name":"wp","href":"https:\/\/api.w.org\/{rel}","templated":true}]}}

<p>Paire de chaises Chiavari en érable massif verni, garniture et tapisserie refaites à neuf en velours moiré couleur taupe.</p>
<p>Italie vers 1940.</p>
<p><b>Dimensions</b></p>
<ul>
<li><b>cm:</b> 44 x 47 x 131 Assise 47</li>
<li><b>inches:</b> 17.32 x 18.5 x 51.57 Assise 18.5</li>
</ul>
