{"id":6150,"date":"2020-02-24T18:08:31","date_gmt":"2020-02-24T18:08:31","guid":{"rendered":"https:\/\/www.finsdesiecles-artdeco.com\/?product=miroirs"},"modified":"2022-09-24T10:37:41","modified_gmt":"2022-09-24T10:37:41","slug":"miroir-rond-art-deco-barcelone-1930","status":"publish","type":"product","link":"https:\/\/www.finsdesiecles-artdeco.com\/fr\/product\/miroir-rond-art-deco-barcelone-1930\/","title":{"rendered":"Miroir rond Art D\u00e9co &#8211; Barcelone 1930"},"content":{"rendered":"<p>Miroir rond Art D\u00e9co &#8211; Barcelone 1930<\/p>\n<hr \/>\n<p><b>Dimensions<\/b><\/p>\n<ul>\n<li><b>cm:<\/b> Diam. 84 x 4<\/li>\n<li><b>inches:<\/b> Diam. 33.07 x 1.57<\/li>\n<\/ul>\n","protected":false},"excerpt":{"rendered":"<p>Grand miroir rond Art D\u00e9co \u00e0 encadrement de noyer teint\u00e9 et vernis au tampon.<\/p>\n<p>Espagne, Barcelone vers 1930<\/p>\n<p><b>Dimensions<\/b><\/p>\n<ul>\n<li><b>cm:<\/b> Diam. 84 x 4<\/li>\n<li><b>inches:<\/b> Diam. 33.07 x 1.57<\/li>\n<\/ul>\n","protected":false},"featured_media":6146,"template":"","meta":{"_editorskit_title_hidden":false,"_editorskit_reading_time":0,"_editorskit_is_block_options_detached":false,"_editorskit_block_options_position":"{}","inline_featured_image":false},"product_brand":[],"product_cat":[342,454],"product_tag":[],"class_list":{"0":"post-6150","1":"product","2":"type-product","3":"status-publish","4":"has-post-thumbnail","6":"product_cat-miroirs","7":"product_cat-miroirs-fr","9":"first","10":"instock","11":"purchasable","12":"product-type-simple"},"_links":{"self":[{"href":"https:\/\/www.finsdesiecles-artdeco.com\/fr\/wp-json\/wp\/v2\/product\/6150","targetHints":{"allow":["GET"]}}],"collection":[{"href":"https:\/\/www.finsdesiecles-artdeco.com\/fr\/wp-json\/wp\/v2\/product"}],"about":[{"href":"https:\/\/www.finsdesiecles-artdeco.com\/fr\/wp-json\/wp\/v2\/types\/product"}],"wp:featuredmedia":[{"embeddable":true,"href":"https:\/\/www.finsdesiecles-artdeco.com\/fr\/wp-json\/wp\/v2\/media\/6146"}],"wp:attachment":[{"href":"https:\/\/www.finsdesiecles-artdeco.com\/fr\/wp-json\/wp\/v2\/media?parent=6150"}],"wp:term":[{"taxonomy":"product_brand","embeddable":true,"href":"https:\/\/www.finsdesiecles-artdeco.com\/fr\/wp-json\/wp\/v2\/product_brand?post=6150"},{"taxonomy":"product_cat","embeddable":true,"href":"https:\/\/www.finsdesiecles-artdeco.com\/fr\/wp-json\/wp\/v2\/product_cat?post=6150"},{"taxonomy":"product_tag","embeddable":true,"href":"https:\/\/www.finsdesiecles-artdeco.com\/fr\/wp-json\/wp\/v2\/product_tag?post=6150"}],"curies":[{"name":"wp","href":"https:\/\/api.w.org\/{rel}","templated":true}]}}

Miroir rond Art Déco &#8211; Barcelone 1930

<p>Miroir rond Art Déco &#8211; Barcelone 1930</p>
<hr />
<p><b>Dimensions</b></p>
<ul>
<li><b>cm:</b> Diam. 84 x 4</li>
<li><b>inches:</b> Diam. 33.07 x 1.57</li>
</ul>

<p>Grand miroir rond Art Déco à encadrement de noyer teinté et vernis au tampon.</p>
<p>Espagne, Barcelone vers 1930</p>
<p><b>Dimensions</b></p>
<ul>
<li><b>cm:</b> Diam. 84 x 4</li>
<li><b>inches:</b> Diam. 33.07 x 1.57</li>
</ul>
