{"id":6404,"date":"2020-07-24T12:18:03","date_gmt":"2020-07-24T12:18:03","guid":{"rendered":"https:\/\/www.finsdesiecles-artdeco.com\/?product=gueridons"},"modified":"2022-09-23T11:33:24","modified_gmt":"2022-09-23T11:33:24","slug":"table-de-centre-art-deco-italie-1930","status":"publish","type":"product","link":"https:\/\/www.finsdesiecles-artdeco.com\/fr\/product\/table-de-centre-art-deco-italie-1930\/","title":{"rendered":"Table de centre Art D\u00e9co &#8211; Italie 1930"},"content":{"rendered":"<p>Table de centre Art D\u00e9co &#8211; Italie 1930<\/p>\n<hr \/>\n<p><b>Dimensions<\/b><\/p>\n<ul>\n<li><b>cm:<\/b> Diam 80 x 83<\/li>\n<li><b>inches:<\/b> Diam 31.5 x 32.68<\/li>\n<\/ul>\n","protected":false},"excerpt":{"rendered":"<p>Grande table de centre Art D\u00e9co \u00e0 deux niveaux en placage de noyer verni au tampon, base d\u00e9cor\u00e9e d&rsquo;un cercle d&rsquo;aluminium poli. Enti\u00e8rement d\u00e9montable.<\/p>\n<p>Italie vers 1930.<\/p>\n<p><b>Dimensions<\/b><\/p>\n<ul>\n<li><b>cm:<\/b> Diam 80 x 83<\/li>\n<li><b>inches:<\/b> Diam 31.5 x 32.68<\/li>\n<\/ul>\n","protected":false},"featured_media":6397,"template":"","meta":{"_editorskit_title_hidden":false,"_editorskit_reading_time":0,"_editorskit_is_block_options_detached":false,"_editorskit_block_options_position":"{}","inline_featured_image":false},"product_brand":[],"product_cat":[256,257,291],"product_tag":[],"class_list":{"0":"post-6404","1":"product","2":"type-product","3":"status-publish","4":"has-post-thumbnail","6":"product_cat-tables","7":"product_cat-gueridons","8":"product_cat-tables-basses","10":"first","11":"instock","12":"purchasable","13":"product-type-simple"},"_links":{"self":[{"href":"https:\/\/www.finsdesiecles-artdeco.com\/fr\/wp-json\/wp\/v2\/product\/6404","targetHints":{"allow":["GET"]}}],"collection":[{"href":"https:\/\/www.finsdesiecles-artdeco.com\/fr\/wp-json\/wp\/v2\/product"}],"about":[{"href":"https:\/\/www.finsdesiecles-artdeco.com\/fr\/wp-json\/wp\/v2\/types\/product"}],"wp:featuredmedia":[{"embeddable":true,"href":"https:\/\/www.finsdesiecles-artdeco.com\/fr\/wp-json\/wp\/v2\/media\/6397"}],"wp:attachment":[{"href":"https:\/\/www.finsdesiecles-artdeco.com\/fr\/wp-json\/wp\/v2\/media?parent=6404"}],"wp:term":[{"taxonomy":"product_brand","embeddable":true,"href":"https:\/\/www.finsdesiecles-artdeco.com\/fr\/wp-json\/wp\/v2\/product_brand?post=6404"},{"taxonomy":"product_cat","embeddable":true,"href":"https:\/\/www.finsdesiecles-artdeco.com\/fr\/wp-json\/wp\/v2\/product_cat?post=6404"},{"taxonomy":"product_tag","embeddable":true,"href":"https:\/\/www.finsdesiecles-artdeco.com\/fr\/wp-json\/wp\/v2\/product_tag?post=6404"}],"curies":[{"name":"wp","href":"https:\/\/api.w.org\/{rel}","templated":true}]}}

Table de centre Art Déco &#8211; Italie 1930

<p>Table de centre Art Déco &#8211; Italie 1930</p>
<hr />
<p><b>Dimensions</b></p>
<ul>
<li><b>cm:</b> Diam 80 x 83</li>
<li><b>inches:</b> Diam 31.5 x 32.68</li>
</ul>

<p>Grande table de centre Art Déco à deux niveaux en placage de noyer verni au tampon, base décorée d&rsquo;un cercle d&rsquo;aluminium poli. Entièrement démontable.</p>
<p>Italie vers 1930.</p>
<p><b>Dimensions</b></p>
<ul>
<li><b>cm:</b> Diam 80 x 83</li>
<li><b>inches:</b> Diam 31.5 x 32.68</li>
</ul>
