{"id":6533,"date":"2020-09-08T13:59:22","date_gmt":"2020-09-08T13:59:22","guid":{"rendered":"https:\/\/www.finsdesiecles-artdeco.com\/?product=vases"},"modified":"2022-09-21T10:49:32","modified_gmt":"2022-09-21T10:49:32","slug":"grand-vase-en-ceramique-allemagne-de-louest-1960","status":"publish","type":"product","link":"https:\/\/www.finsdesiecles-artdeco.com\/fr\/product\/grand-vase-en-ceramique-allemagne-de-louest-1960\/","title":{"rendered":"Grand vase en c\u00e9ramique &#8211;\u00a0Allemagne de L\u00b4Ouest 1960"},"content":{"rendered":"<p>Grand vase en c\u00e9ramique &#8211;\u00a0Allemagne de L\u00b4Ouest 1960<\/p>\n<hr \/>\n<p><b>Dimensions<\/b><\/p>\n<ul>\n<li><b>cm:<\/b> Diam 36 x 54<\/li>\n<li><b>inches:<\/b> Diam 14.17 x 21.26<\/li>\n<\/ul>\n","protected":false},"excerpt":{"rendered":"<p>Grand vase en c\u00e9ramique \u00e0 d\u00e9cor g\u00e9om\u00e9trique et glazure \u00ab\u00a0snakeskin\u00a0\u00bb.<\/p>\n<p>Allemagne de L\u00b4Ouest vers 1960<\/p>\n<p>&nbsp;<\/p>\n<p><b>cm:<\/b> Diam 36 x 54<\/p>\n<p><b>inches:<\/b> Diam 14.17 x 21.26<\/p>\n","protected":false},"featured_media":6525,"template":"","meta":{"_editorskit_title_hidden":false,"_editorskit_reading_time":0,"_editorskit_is_block_options_detached":false,"_editorskit_block_options_position":"{}","inline_featured_image":false},"product_brand":[],"product_cat":[267,462],"product_tag":[],"class_list":{"0":"post-6533","1":"product","2":"type-product","3":"status-publish","4":"has-post-thumbnail","6":"product_cat-objets-et-accessoires","7":"product_cat-ceramiques","9":"first","10":"instock","11":"purchasable","12":"product-type-simple"},"_links":{"self":[{"href":"https:\/\/www.finsdesiecles-artdeco.com\/fr\/wp-json\/wp\/v2\/product\/6533","targetHints":{"allow":["GET"]}}],"collection":[{"href":"https:\/\/www.finsdesiecles-artdeco.com\/fr\/wp-json\/wp\/v2\/product"}],"about":[{"href":"https:\/\/www.finsdesiecles-artdeco.com\/fr\/wp-json\/wp\/v2\/types\/product"}],"wp:featuredmedia":[{"embeddable":true,"href":"https:\/\/www.finsdesiecles-artdeco.com\/fr\/wp-json\/wp\/v2\/media\/6525"}],"wp:attachment":[{"href":"https:\/\/www.finsdesiecles-artdeco.com\/fr\/wp-json\/wp\/v2\/media?parent=6533"}],"wp:term":[{"taxonomy":"product_brand","embeddable":true,"href":"https:\/\/www.finsdesiecles-artdeco.com\/fr\/wp-json\/wp\/v2\/product_brand?post=6533"},{"taxonomy":"product_cat","embeddable":true,"href":"https:\/\/www.finsdesiecles-artdeco.com\/fr\/wp-json\/wp\/v2\/product_cat?post=6533"},{"taxonomy":"product_tag","embeddable":true,"href":"https:\/\/www.finsdesiecles-artdeco.com\/fr\/wp-json\/wp\/v2\/product_tag?post=6533"}],"curies":[{"name":"wp","href":"https:\/\/api.w.org\/{rel}","templated":true}]}}

Grand vase en céramique &#8211; Allemagne de L´Ouest 1960

<p>Grand vase en céramique &#8211; Allemagne de L´Ouest 1960</p>
<hr />
<p><b>Dimensions</b></p>
<ul>
<li><b>cm:</b> Diam 36 x 54</li>
<li><b>inches:</b> Diam 14.17 x 21.26</li>
</ul>

<p>Grand vase en céramique à décor géométrique et glazure « snakeskin ».</p>
<p>Allemagne de L´Ouest vers 1960</p>
<p>&nbsp;</p>
<p><b>cm:</b> Diam 36 x 54</p>
<p><b>inches:</b> Diam 14.17 x 21.26</p>
