{"id":6607,"date":"2020-11-06T17:37:43","date_gmt":"2020-11-06T17:37:43","guid":{"rendered":"https:\/\/www.finsdesiecles-artdeco.com\/?product=psyches"},"modified":"2022-09-21T10:13:14","modified_gmt":"2022-09-21T10:13:14","slug":"psyche-art-deco-france-1930","status":"publish","type":"product","link":"https:\/\/www.finsdesiecles-artdeco.com\/fr\/product\/psyche-art-deco-france-1930\/","title":{"rendered":"Psych\u00e9 Art D\u00e9co &#8211; France 1930"},"content":{"rendered":"<p>Psych\u00e9 Art D\u00e9co &#8211; France 1930<\/p>\n<hr \/>\n<p><b>Dimensions<\/b><\/p>\n<ul>\n<li><b>cm:<\/b> 97 x 30 x 146<\/li>\n<li><b>inches:<\/b> 38.19 x 11.81 x 57.48<\/li>\n<\/ul>\n","protected":false},"excerpt":{"rendered":"<p>Psych\u00e9 Art D\u00e9co en bois massif plaqu\u00e9 d&rsquo;acajou et de ronce d&rsquo;acajou verni au tampon. Glace originale tr\u00e8s \u00e9paisse avec oxydation.<\/p>\n<p>France vers 1930.<\/p>\n<p>&nbsp;<\/p>\n<p>Mesures miroir: 56 x 4 x 123 cm<\/p>\n<p><b>Dimensions<\/b><\/p>\n<ul>\n<li><b>cm:<\/b> 97 x 30 x 146<\/li>\n<li><b>inches:<\/b> 38.19 x 11.81 x 57.48<\/li>\n<\/ul>\n","protected":false},"featured_media":6600,"template":"","meta":{"_editorskit_title_hidden":false,"_editorskit_reading_time":0,"_editorskit_is_block_options_detached":false,"_editorskit_block_options_position":"{}","inline_featured_image":false},"product_brand":[],"product_cat":[342,460],"product_tag":[],"class_list":{"0":"post-6607","1":"product","2":"type-product","3":"status-publish","4":"has-post-thumbnail","6":"product_cat-miroirs","7":"product_cat-psyches-fr","9":"first","10":"instock","11":"purchasable","12":"product-type-simple"},"_links":{"self":[{"href":"https:\/\/www.finsdesiecles-artdeco.com\/fr\/wp-json\/wp\/v2\/product\/6607","targetHints":{"allow":["GET"]}}],"collection":[{"href":"https:\/\/www.finsdesiecles-artdeco.com\/fr\/wp-json\/wp\/v2\/product"}],"about":[{"href":"https:\/\/www.finsdesiecles-artdeco.com\/fr\/wp-json\/wp\/v2\/types\/product"}],"wp:featuredmedia":[{"embeddable":true,"href":"https:\/\/www.finsdesiecles-artdeco.com\/fr\/wp-json\/wp\/v2\/media\/6600"}],"wp:attachment":[{"href":"https:\/\/www.finsdesiecles-artdeco.com\/fr\/wp-json\/wp\/v2\/media?parent=6607"}],"wp:term":[{"taxonomy":"product_brand","embeddable":true,"href":"https:\/\/www.finsdesiecles-artdeco.com\/fr\/wp-json\/wp\/v2\/product_brand?post=6607"},{"taxonomy":"product_cat","embeddable":true,"href":"https:\/\/www.finsdesiecles-artdeco.com\/fr\/wp-json\/wp\/v2\/product_cat?post=6607"},{"taxonomy":"product_tag","embeddable":true,"href":"https:\/\/www.finsdesiecles-artdeco.com\/fr\/wp-json\/wp\/v2\/product_tag?post=6607"}],"curies":[{"name":"wp","href":"https:\/\/api.w.org\/{rel}","templated":true}]}}

Psyché Art Déco &#8211; France 1930

<p>Psyché Art Déco &#8211; France 1930</p>
<hr />
<p><b>Dimensions</b></p>
<ul>
<li><b>cm:</b> 97 x 30 x 146</li>
<li><b>inches:</b> 38.19 x 11.81 x 57.48</li>
</ul>

<p>Psyché Art Déco en bois massif plaqué d&rsquo;acajou et de ronce d&rsquo;acajou verni au tampon. Glace originale très épaisse avec oxydation.</p>
<p>France vers 1930.</p>
<p>&nbsp;</p>
<p>Mesures miroir: 56 x 4 x 123 cm</p>
<p><b>Dimensions</b></p>
<ul>
<li><b>cm:</b> 97 x 30 x 146</li>
<li><b>inches:</b> 38.19 x 11.81 x 57.48</li>
</ul>
