{"id":6618,"date":"2020-11-09T14:16:12","date_gmt":"2020-11-09T14:16:12","guid":{"rendered":"https:\/\/www.finsdesiecles-artdeco.com\/?product=meubles-bar"},"modified":"2022-09-21T09:46:52","modified_gmt":"2022-09-21T09:46:52","slug":"meuble-bar-barcelone-1960","status":"publish","type":"product","link":"https:\/\/www.finsdesiecles-artdeco.com\/fr\/product\/meuble-bar-barcelone-1960\/","title":{"rendered":"Meuble bar &#8211; Barcelone 1960"},"content":{"rendered":"<p>Meuble bar &#8211; Barcelone 1960<\/p>\n<hr \/>\n<p><b>Dimensions<\/b><\/p>\n<ul>\n<li><b>cm:<\/b> 87 x 42 x 72<\/li>\n<li><b>inches:<\/b> 34.25 x 16.54 x 28.35<\/li>\n<\/ul>\n","protected":false},"excerpt":{"rendered":"<p>Meuble bar en placage de noyer \u00e0 deux portes coulissantes, l&rsquo;une en verre d\u00e9cor\u00e9e d&rsquo;une frise grav\u00e9e \u00e0 l&rsquo;acide, l&rsquo;autre en noyer, poign\u00e9e de tirage en laiton poli. La partie de gauche est capitonn\u00e9e d&rsquo;un ska\u00ef vert-dor\u00e9 d&rsquo;origine, les deux compartiments comportent un miroir \u00e0 la base et une \u00e9tag\u00e8re en verre.<a href=\"http:\/\/verre.la\/\" target=\"_blank\" rel=\"noopener\">\u00a0<\/a>La\u00a0lumi\u00e8re se d\u00e9clenche automatiquement lorsqu&rsquo;on ouvre la porte en bois. Vernis au tampon. Espagne, Barcelone vers 1960<\/p>\n<p><b>Dimensions<\/b><\/p>\n<ul>\n<li><b>cm:<\/b> 87 x 42 x 72<\/li>\n<li><b>inches:<\/b> 34.25 x 16.54 x 28.35<\/li>\n<\/ul>\n","protected":false},"featured_media":6610,"template":"","meta":{"_editorskit_title_hidden":false,"_editorskit_reading_time":0,"_editorskit_is_block_options_detached":false,"_editorskit_block_options_position":"{}","inline_featured_image":false},"product_brand":[],"product_cat":[276,318],"product_tag":[],"class_list":{"0":"post-6618","1":"product","2":"type-product","3":"status-publish","4":"has-post-thumbnail","6":"product_cat-auxiliaires","7":"product_cat-meubles-bar","9":"first","10":"instock","11":"purchasable","12":"product-type-simple"},"_links":{"self":[{"href":"https:\/\/www.finsdesiecles-artdeco.com\/fr\/wp-json\/wp\/v2\/product\/6618","targetHints":{"allow":["GET"]}}],"collection":[{"href":"https:\/\/www.finsdesiecles-artdeco.com\/fr\/wp-json\/wp\/v2\/product"}],"about":[{"href":"https:\/\/www.finsdesiecles-artdeco.com\/fr\/wp-json\/wp\/v2\/types\/product"}],"wp:featuredmedia":[{"embeddable":true,"href":"https:\/\/www.finsdesiecles-artdeco.com\/fr\/wp-json\/wp\/v2\/media\/6610"}],"wp:attachment":[{"href":"https:\/\/www.finsdesiecles-artdeco.com\/fr\/wp-json\/wp\/v2\/media?parent=6618"}],"wp:term":[{"taxonomy":"product_brand","embeddable":true,"href":"https:\/\/www.finsdesiecles-artdeco.com\/fr\/wp-json\/wp\/v2\/product_brand?post=6618"},{"taxonomy":"product_cat","embeddable":true,"href":"https:\/\/www.finsdesiecles-artdeco.com\/fr\/wp-json\/wp\/v2\/product_cat?post=6618"},{"taxonomy":"product_tag","embeddable":true,"href":"https:\/\/www.finsdesiecles-artdeco.com\/fr\/wp-json\/wp\/v2\/product_tag?post=6618"}],"curies":[{"name":"wp","href":"https:\/\/api.w.org\/{rel}","templated":true}]}}

<p>Meuble bar en placage de noyer à deux portes coulissantes, l&rsquo;une en verre décorée d&rsquo;une frise gravée à l&rsquo;acide, l&rsquo;autre en noyer, poignée de tirage en laiton poli. La partie de gauche est capitonnée d&rsquo;un skaï vert-doré d&rsquo;origine, les deux compartiments comportent un miroir à la base et une étagère en verre.<a href="http://verre.la/" target="_blank" rel="noopener"> </a>La lumière se déclenche automatiquement lorsqu&rsquo;on ouvre la porte en bois. Vernis au tampon. Espagne, Barcelone vers 1960</p>
<p><b>Dimensions</b></p>
<ul>
<li><b>cm:</b> 87 x 42 x 72</li>
<li><b>inches:</b> 34.25 x 16.54 x 28.35</li>
</ul>
