{"id":6645,"date":"2020-11-15T16:36:29","date_gmt":"2020-11-15T16:36:29","guid":{"rendered":"https:\/\/www.finsdesiecles-artdeco.com\/?product=fauteuils"},"modified":"2022-09-21T09:33:32","modified_gmt":"2022-09-21T09:33:32","slug":"paire-de-fauteuils-vert-olive-italie-1950","status":"publish","type":"product","link":"https:\/\/www.finsdesiecles-artdeco.com\/fr\/product\/paire-de-fauteuils-vert-olive-italie-1950\/","title":{"rendered":"Paire de fauteuils vert olive &#8211; Italie 1950"},"content":{"rendered":"<p>Paire de fauteuils vert olive &#8211; Italie 1950<\/p>\n<hr \/>\n<p><b>Dimensions<\/b><\/p>\n<ul>\n<li><b>cm:<\/b> 63 x 73 x 91 Assise 40<\/li>\n<li><b>inches:<\/b> 24.8 x 28.74 x 35.83 Assise 15.75<\/li>\n<\/ul>\n","protected":false},"excerpt":{"rendered":"<p>Paire de fauteuils en h\u00eatre massif teint\u00e9 et verni au tampon, rembourrage et tapisserie refaits \u00e0 neuf en tissu chin\u00e9 vert olive.<\/p>\n<p>Italie vers 1950<\/p>\n<p><b>Dimensions<\/b><\/p>\n<ul>\n<li><b>cm:<\/b> 63 x 73 x 91 Assise 40<\/li>\n<li><b>inches:<\/b> 24.8 x 28.74 x 35.83 Assise 15.75<\/li>\n<\/ul>\n","protected":false},"featured_media":6636,"template":"","meta":{"_editorskit_title_hidden":false,"_editorskit_reading_time":0,"_editorskit_is_block_options_detached":false,"_editorskit_block_options_position":"{}","inline_featured_image":false},"product_brand":[],"product_cat":[250,251],"product_tag":[],"class_list":{"0":"post-6645","1":"product","2":"type-product","3":"status-publish","4":"has-post-thumbnail","6":"product_cat-sieges","7":"product_cat-fauteuils","9":"first","10":"instock","11":"purchasable","12":"product-type-simple"},"_links":{"self":[{"href":"https:\/\/www.finsdesiecles-artdeco.com\/fr\/wp-json\/wp\/v2\/product\/6645","targetHints":{"allow":["GET"]}}],"collection":[{"href":"https:\/\/www.finsdesiecles-artdeco.com\/fr\/wp-json\/wp\/v2\/product"}],"about":[{"href":"https:\/\/www.finsdesiecles-artdeco.com\/fr\/wp-json\/wp\/v2\/types\/product"}],"wp:featuredmedia":[{"embeddable":true,"href":"https:\/\/www.finsdesiecles-artdeco.com\/fr\/wp-json\/wp\/v2\/media\/6636"}],"wp:attachment":[{"href":"https:\/\/www.finsdesiecles-artdeco.com\/fr\/wp-json\/wp\/v2\/media?parent=6645"}],"wp:term":[{"taxonomy":"product_brand","embeddable":true,"href":"https:\/\/www.finsdesiecles-artdeco.com\/fr\/wp-json\/wp\/v2\/product_brand?post=6645"},{"taxonomy":"product_cat","embeddable":true,"href":"https:\/\/www.finsdesiecles-artdeco.com\/fr\/wp-json\/wp\/v2\/product_cat?post=6645"},{"taxonomy":"product_tag","embeddable":true,"href":"https:\/\/www.finsdesiecles-artdeco.com\/fr\/wp-json\/wp\/v2\/product_tag?post=6645"}],"curies":[{"name":"wp","href":"https:\/\/api.w.org\/{rel}","templated":true}]}}

<p>Paire de fauteuils en hêtre massif teinté et verni au tampon, rembourrage et tapisserie refaits à neuf en tissu chiné vert olive.</p>
<p>Italie vers 1950</p>
<p><b>Dimensions</b></p>
<ul>
<li><b>cm:</b> 63 x 73 x 91 Assise 40</li>
<li><b>inches:</b> 24.8 x 28.74 x 35.83 Assise 15.75</li>
</ul>
