{"id":6691,"date":"2020-11-23T15:39:05","date_gmt":"2020-11-23T15:39:05","guid":{"rendered":"https:\/\/www.finsdesiecles-artdeco.com\/?product=appliques"},"modified":"2022-09-21T09:14:28","modified_gmt":"2022-09-21T09:14:28","slug":"ensemble-de-trois-appliques-barcelone-1960","status":"publish","type":"product","link":"https:\/\/www.finsdesiecles-artdeco.com\/fr\/product\/ensemble-de-trois-appliques-barcelone-1960\/","title":{"rendered":"Ensemble de trois appliques &#8211; Barcelone 1960"},"content":{"rendered":"<p>Ensemble de trois appliques &#8211; Barcelone 1960<\/p>\n<hr \/>\n<p><b>Dimensions<\/b><\/p>\n<ul>\n<li><b>cm:<\/b> 84 x 17 x 66<\/li>\n<li><b>inches:<\/b> 33.07 x 6.69 x 25.98<\/li>\n<\/ul>\n","protected":false},"excerpt":{"rendered":"<p>Ensemble de trois appliques murales en feuilles de m\u00e9tal et fer forg\u00e9 dor\u00e9, bougies en carton cir\u00e9, r\u00e9electrifi\u00e9.<\/p>\n<p>Espagne, Barcelone vers 1960.<\/p>\n<p>&nbsp;<\/p>\n<p>Grande: 84 x 17 x 75 cm<\/p>\n<p>Moyenne: 46 x 19 x 75 cm<\/p>\n<p>Petite: 43 x 16 x 75 cm<\/p>\n<p><b>Dimensions<\/b><\/p>\n<ul>\n<li><b>cm:<\/b> 84 x 17 x 66<\/li>\n<li><b>inches:<\/b> 33.07 x 6.69 x 25.98<\/li>\n<\/ul>\n","protected":false},"featured_media":6678,"template":"","meta":{"_editorskit_title_hidden":false,"_editorskit_reading_time":0,"_editorskit_is_block_options_detached":false,"_editorskit_block_options_position":"{}","inline_featured_image":false},"product_brand":[],"product_cat":[264,354],"product_tag":[],"class_list":{"0":"post-6691","1":"product","2":"type-product","3":"status-publish","4":"has-post-thumbnail","6":"product_cat-luminaires","7":"product_cat-appliques","9":"first","10":"instock","11":"purchasable","12":"product-type-simple"},"_links":{"self":[{"href":"https:\/\/www.finsdesiecles-artdeco.com\/fr\/wp-json\/wp\/v2\/product\/6691","targetHints":{"allow":["GET"]}}],"collection":[{"href":"https:\/\/www.finsdesiecles-artdeco.com\/fr\/wp-json\/wp\/v2\/product"}],"about":[{"href":"https:\/\/www.finsdesiecles-artdeco.com\/fr\/wp-json\/wp\/v2\/types\/product"}],"wp:featuredmedia":[{"embeddable":true,"href":"https:\/\/www.finsdesiecles-artdeco.com\/fr\/wp-json\/wp\/v2\/media\/6678"}],"wp:attachment":[{"href":"https:\/\/www.finsdesiecles-artdeco.com\/fr\/wp-json\/wp\/v2\/media?parent=6691"}],"wp:term":[{"taxonomy":"product_brand","embeddable":true,"href":"https:\/\/www.finsdesiecles-artdeco.com\/fr\/wp-json\/wp\/v2\/product_brand?post=6691"},{"taxonomy":"product_cat","embeddable":true,"href":"https:\/\/www.finsdesiecles-artdeco.com\/fr\/wp-json\/wp\/v2\/product_cat?post=6691"},{"taxonomy":"product_tag","embeddable":true,"href":"https:\/\/www.finsdesiecles-artdeco.com\/fr\/wp-json\/wp\/v2\/product_tag?post=6691"}],"curies":[{"name":"wp","href":"https:\/\/api.w.org\/{rel}","templated":true}]}}

<p>Ensemble de trois appliques murales en feuilles de métal et fer forgé doré, bougies en carton ciré, réelectrifié.</p>
<p>Espagne, Barcelone vers 1960.</p>
<p>&nbsp;</p>
<p>Grande: 84 x 17 x 75 cm</p>
<p>Moyenne: 46 x 19 x 75 cm</p>
<p>Petite: 43 x 16 x 75 cm</p>
<p><b>Dimensions</b></p>
<ul>
<li><b>cm:</b> 84 x 17 x 66</li>
<li><b>inches:</b> 33.07 x 6.69 x 25.98</li>
</ul>
