{"id":6918,"date":"2021-01-30T18:10:12","date_gmt":"2021-01-30T18:10:12","guid":{"rendered":"https:\/\/www.finsdesiecles-artdeco.com\/?product=miroirs"},"modified":"2022-09-19T12:03:49","modified_gmt":"2022-09-19T12:03:49","slug":"miroir-biseaute-neoclassique-majorque-1940","status":"publish","type":"product","link":"https:\/\/www.finsdesiecles-artdeco.com\/fr\/product\/miroir-biseaute-neoclassique-majorque-1940\/","title":{"rendered":"Miroir biseaut\u00e9 n\u00e9oclassique &#8211; Majorque 1940"},"content":{"rendered":"<p>Miroir biseaut\u00e9 n\u00e9oclassique &#8211; Majorque 1940<\/p>\n<hr \/>\n<p><b>Dimensions<\/b><\/p>\n<ul>\n<li><b>cm:<\/b> 140 x 4 x 114<\/li>\n<li><b>inches:<\/b> 55.12 x 1.57 x 44.88<\/li>\n<\/ul>\n","protected":false},"excerpt":{"rendered":"<p>Grand miroir biseaut\u00e9 n\u00e9oclassique en glace grav\u00e9e et travaill\u00e9e \u00e0 l&rsquo;acide \u00e0 motifs floraux et v\u00e9g\u00e9taux, (Manquent quelques t\u00eates de vis en verre).<\/p>\n<p>Espagne, Majorque vers 1940.<\/p>\n<p><b>Dimensions<\/b><\/p>\n<ul>\n<li><b>cm:<\/b> 140 x 4 x 114<\/li>\n<li><b>inches:<\/b> 55.12 x 1.57 x 44.88<\/li>\n<\/ul>\n","protected":false},"featured_media":6912,"template":"","meta":{"_editorskit_title_hidden":false,"_editorskit_reading_time":0,"_editorskit_is_block_options_detached":false,"_editorskit_block_options_position":"{}","inline_featured_image":false},"product_brand":[],"product_cat":[342,454],"product_tag":[],"class_list":{"0":"post-6918","1":"product","2":"type-product","3":"status-publish","4":"has-post-thumbnail","6":"product_cat-miroirs","7":"product_cat-miroirs-fr","9":"first","10":"instock","11":"purchasable","12":"product-type-simple"},"_links":{"self":[{"href":"https:\/\/www.finsdesiecles-artdeco.com\/fr\/wp-json\/wp\/v2\/product\/6918","targetHints":{"allow":["GET"]}}],"collection":[{"href":"https:\/\/www.finsdesiecles-artdeco.com\/fr\/wp-json\/wp\/v2\/product"}],"about":[{"href":"https:\/\/www.finsdesiecles-artdeco.com\/fr\/wp-json\/wp\/v2\/types\/product"}],"wp:featuredmedia":[{"embeddable":true,"href":"https:\/\/www.finsdesiecles-artdeco.com\/fr\/wp-json\/wp\/v2\/media\/6912"}],"wp:attachment":[{"href":"https:\/\/www.finsdesiecles-artdeco.com\/fr\/wp-json\/wp\/v2\/media?parent=6918"}],"wp:term":[{"taxonomy":"product_brand","embeddable":true,"href":"https:\/\/www.finsdesiecles-artdeco.com\/fr\/wp-json\/wp\/v2\/product_brand?post=6918"},{"taxonomy":"product_cat","embeddable":true,"href":"https:\/\/www.finsdesiecles-artdeco.com\/fr\/wp-json\/wp\/v2\/product_cat?post=6918"},{"taxonomy":"product_tag","embeddable":true,"href":"https:\/\/www.finsdesiecles-artdeco.com\/fr\/wp-json\/wp\/v2\/product_tag?post=6918"}],"curies":[{"name":"wp","href":"https:\/\/api.w.org\/{rel}","templated":true}]}}

Miroir biseauté néoclassique &#8211; Majorque 1940

<p>Miroir biseauté néoclassique &#8211; Majorque 1940</p>
<hr />
<p><b>Dimensions</b></p>
<ul>
<li><b>cm:</b> 140 x 4 x 114</li>
<li><b>inches:</b> 55.12 x 1.57 x 44.88</li>
</ul>

<p>Grand miroir biseauté néoclassique en glace gravée et travaillée à l&rsquo;acide à motifs floraux et végétaux, (Manquent quelques têtes de vis en verre).</p>
<p>Espagne, Majorque vers 1940.</p>
<p><b>Dimensions</b></p>
<ul>
<li><b>cm:</b> 140 x 4 x 114</li>
<li><b>inches:</b> 55.12 x 1.57 x 44.88</li>
</ul>
