{"id":7272,"date":"2021-06-04T15:23:08","date_gmt":"2021-06-04T15:23:08","guid":{"rendered":"https:\/\/www.finsdesiecles-artdeco.com\/?product=tables-a-manger"},"modified":"2022-09-16T09:15:36","modified_gmt":"2022-09-16T09:15:36","slug":"table-a-manger-ovale-italie-1945-50","status":"publish","type":"product","link":"https:\/\/www.finsdesiecles-artdeco.com\/fr\/product\/table-a-manger-ovale-italie-1945-50\/","title":{"rendered":"Table \u00e1 manger ovale &#8211;\u00a0Italie 1945-50"},"content":{"rendered":"<p>Table \u00e0 manger ovale &#8211; Italie 1945-50<\/p>\n<hr \/>\n<p><b>Dimensions<\/b><\/p>\n<ul>\n<li><b>cm:<\/b> 173 x 88 x 78<\/li>\n<li><b>inches:<\/b> 68.11 x 34.65 x 30.71<\/li>\n<\/ul>\n","protected":false},"excerpt":{"rendered":"<p>Table \u00e0 manger ovale en h\u00eatre teint\u00e9 et verni au tampon, dessus en verre peint imitation marbre original (retro pintato).<\/p>\n<p>Italie vers 1945-50<\/p>\n<p><b>Dimensions<\/b><\/p>\n<ul>\n<li><b>cm:<\/b> 173 x 88 x 78<\/li>\n<li><b>inches:<\/b> 68.11 x 34.65 x 30.71<\/li>\n<\/ul>\n","protected":false},"featured_media":7265,"template":"","meta":{"_editorskit_title_hidden":false,"_editorskit_reading_time":0,"_editorskit_is_block_options_detached":false,"_editorskit_block_options_position":"{}","inline_featured_image":false},"product_brand":[],"product_cat":[256,288],"product_tag":[],"class_list":{"0":"post-7272","1":"product","2":"type-product","3":"status-publish","4":"has-post-thumbnail","6":"product_cat-tables","7":"product_cat-tables-de-salle-a-manger","9":"first","10":"instock","11":"purchasable","12":"product-type-simple"},"_links":{"self":[{"href":"https:\/\/www.finsdesiecles-artdeco.com\/fr\/wp-json\/wp\/v2\/product\/7272","targetHints":{"allow":["GET"]}}],"collection":[{"href":"https:\/\/www.finsdesiecles-artdeco.com\/fr\/wp-json\/wp\/v2\/product"}],"about":[{"href":"https:\/\/www.finsdesiecles-artdeco.com\/fr\/wp-json\/wp\/v2\/types\/product"}],"wp:featuredmedia":[{"embeddable":true,"href":"https:\/\/www.finsdesiecles-artdeco.com\/fr\/wp-json\/wp\/v2\/media\/7265"}],"wp:attachment":[{"href":"https:\/\/www.finsdesiecles-artdeco.com\/fr\/wp-json\/wp\/v2\/media?parent=7272"}],"wp:term":[{"taxonomy":"product_brand","embeddable":true,"href":"https:\/\/www.finsdesiecles-artdeco.com\/fr\/wp-json\/wp\/v2\/product_brand?post=7272"},{"taxonomy":"product_cat","embeddable":true,"href":"https:\/\/www.finsdesiecles-artdeco.com\/fr\/wp-json\/wp\/v2\/product_cat?post=7272"},{"taxonomy":"product_tag","embeddable":true,"href":"https:\/\/www.finsdesiecles-artdeco.com\/fr\/wp-json\/wp\/v2\/product_tag?post=7272"}],"curies":[{"name":"wp","href":"https:\/\/api.w.org\/{rel}","templated":true}]}}

Table á manger ovale &#8211; Italie 1945-50

<p>Table à manger ovale &#8211; Italie 1945-50</p>
<hr />
<p><b>Dimensions</b></p>
<ul>
<li><b>cm:</b> 173 x 88 x 78</li>
<li><b>inches:</b> 68.11 x 34.65 x 30.71</li>
</ul>

<p>Table à manger ovale en hêtre teinté et verni au tampon, dessus en verre peint imitation marbre original (retro pintato).</p>
<p>Italie vers 1945-50</p>
<p><b>Dimensions</b></p>
<ul>
<li><b>cm:</b> 173 x 88 x 78</li>
<li><b>inches:</b> 68.11 x 34.65 x 30.71</li>
</ul>
