{"id":7283,"date":"2021-06-10T12:36:02","date_gmt":"2021-06-10T12:36:02","guid":{"rendered":"https:\/\/www.finsdesiecles-artdeco.com\/?product=chaises"},"modified":"2022-09-14T11:20:09","modified_gmt":"2022-09-14T11:20:09","slug":"serie-de-six-chaises-italie-1950","status":"publish","type":"product","link":"https:\/\/www.finsdesiecles-artdeco.com\/fr\/product\/serie-de-six-chaises-italie-1950\/","title":{"rendered":"S\u00e9rie de six chaises &#8211; Italie 1950"},"content":{"rendered":"<p>S\u00e9rie de six chaises &#8211; Italie 1950<\/p>\n<hr \/>\n<p><b>Dimensions<\/b><\/p>\n<ul>\n<li><b>cm:<\/b> 44 x 49 x 92 Assise 48<\/li>\n<li><b>inches:<\/b> 17.32 x 19.29 x 36.22 Assise 18.9<\/li>\n<\/ul>\n","protected":false},"excerpt":{"rendered":"<p>S\u00e9rie de six chaises en h\u00eatre teint\u00e9 et verni au tampon, tapisserie en cuir ivoire et garnissage refaits \u00e0 neuf.<\/p>\n<p>Italie vers 1950<\/p>\n<p><b>Dimensions<\/b><\/p>\n<ul>\n<li><b>cm:<\/b> 44 x 49 x 92 Assise 48<\/li>\n<li><b>inches:<\/b> 17.32 x 19.29 x 36.22 Assise 18.9<\/li>\n<\/ul>\n","protected":false},"featured_media":7275,"template":"","meta":{"_editorskit_title_hidden":false,"_editorskit_reading_time":0,"_editorskit_is_block_options_detached":false,"_editorskit_block_options_position":"{}","inline_featured_image":false},"product_brand":[],"product_cat":[250,279],"product_tag":[],"class_list":{"0":"post-7283","1":"product","2":"type-product","3":"status-publish","4":"has-post-thumbnail","6":"product_cat-sieges","7":"product_cat-chaises","9":"first","10":"instock","11":"purchasable","12":"product-type-simple"},"_links":{"self":[{"href":"https:\/\/www.finsdesiecles-artdeco.com\/fr\/wp-json\/wp\/v2\/product\/7283","targetHints":{"allow":["GET"]}}],"collection":[{"href":"https:\/\/www.finsdesiecles-artdeco.com\/fr\/wp-json\/wp\/v2\/product"}],"about":[{"href":"https:\/\/www.finsdesiecles-artdeco.com\/fr\/wp-json\/wp\/v2\/types\/product"}],"wp:featuredmedia":[{"embeddable":true,"href":"https:\/\/www.finsdesiecles-artdeco.com\/fr\/wp-json\/wp\/v2\/media\/7275"}],"wp:attachment":[{"href":"https:\/\/www.finsdesiecles-artdeco.com\/fr\/wp-json\/wp\/v2\/media?parent=7283"}],"wp:term":[{"taxonomy":"product_brand","embeddable":true,"href":"https:\/\/www.finsdesiecles-artdeco.com\/fr\/wp-json\/wp\/v2\/product_brand?post=7283"},{"taxonomy":"product_cat","embeddable":true,"href":"https:\/\/www.finsdesiecles-artdeco.com\/fr\/wp-json\/wp\/v2\/product_cat?post=7283"},{"taxonomy":"product_tag","embeddable":true,"href":"https:\/\/www.finsdesiecles-artdeco.com\/fr\/wp-json\/wp\/v2\/product_tag?post=7283"}],"curies":[{"name":"wp","href":"https:\/\/api.w.org\/{rel}","templated":true}]}}

Série de six chaises &#8211; Italie 1950

<p>Série de six chaises &#8211; Italie 1950</p>
<hr />
<p><b>Dimensions</b></p>
<ul>
<li><b>cm:</b> 44 x 49 x 92 Assise 48</li>
<li><b>inches:</b> 17.32 x 19.29 x 36.22 Assise 18.9</li>
</ul>

<p>Série de six chaises en hêtre teinté et verni au tampon, tapisserie en cuir ivoire et garnissage refaits à neuf.</p>
<p>Italie vers 1950</p>
<p><b>Dimensions</b></p>
<ul>
<li><b>cm:</b> 44 x 49 x 92 Assise 48</li>
<li><b>inches:</b> 17.32 x 19.29 x 36.22 Assise 18.9</li>
</ul>
