{"id":7356,"date":"2021-07-08T19:59:04","date_gmt":"2021-07-08T19:59:04","guid":{"rendered":"https:\/\/www.finsdesiecles-artdeco.com\/?product=bibliotheques"},"modified":"2022-09-13T10:31:54","modified_gmt":"2022-09-13T10:31:54","slug":"meuble-modulable-italie-vers-1960","status":"publish","type":"product","link":"https:\/\/www.finsdesiecles-artdeco.com\/fr\/product\/meuble-modulable-italie-vers-1960\/","title":{"rendered":"Meuble modulable &#8211; Italie vers 1960"},"content":{"rendered":"<p>Meuble modulable &#8211; Italie vers 1960<\/p>\n<hr \/>\n<p><b>Dimensions<\/b><\/p>\n<ul>\n<li><b>cm:<\/b> 160 x 45 x 202<\/li>\n<li><b>inches:<\/b> 62.99 x 17.72 x 79.53<\/li>\n<\/ul>\n","protected":false},"excerpt":{"rendered":"<p>Meuble modulable compos\u00e9 de deux blocs ouvrant par deux portes, surmont\u00e9s de six \u00e9tag\u00e8res, le tout r\u00e9glable en hauteur. Bois plaqu\u00e9 de Teak, int\u00e9rieur en noyer, finition gomme-laque satin\u00e9e. Pi\u00e8tement et structure en acier noir\u00e7i. Pieds r\u00e9glables en laiton. Poign\u00e9es de portes incrust\u00e9es en Teak.<\/p>\n<p>Italie vers 1960.<\/p>\n<p><b>Dimensions<\/b><\/p>\n<ul>\n<li><b>cm:<\/b> 160 x 45 x 202<\/li>\n<li><b>inches:<\/b> 62.99 x 17.72 x 79.53<\/li>\n<\/ul>\n","protected":false},"featured_media":7348,"template":"","meta":{"_editorskit_title_hidden":false,"_editorskit_reading_time":0,"_editorskit_is_block_options_detached":false,"_editorskit_block_options_position":"{}","inline_featured_image":false},"product_brand":[],"product_cat":[415,300],"product_tag":[],"class_list":{"0":"post-7356","1":"product","2":"type-product","3":"status-publish","4":"has-post-thumbnail","6":"product_cat-meubles-de-rangement","7":"product_cat-bibliotheques","9":"first","10":"outofstock","11":"product-type-simple"},"_links":{"self":[{"href":"https:\/\/www.finsdesiecles-artdeco.com\/fr\/wp-json\/wp\/v2\/product\/7356","targetHints":{"allow":["GET"]}}],"collection":[{"href":"https:\/\/www.finsdesiecles-artdeco.com\/fr\/wp-json\/wp\/v2\/product"}],"about":[{"href":"https:\/\/www.finsdesiecles-artdeco.com\/fr\/wp-json\/wp\/v2\/types\/product"}],"wp:featuredmedia":[{"embeddable":true,"href":"https:\/\/www.finsdesiecles-artdeco.com\/fr\/wp-json\/wp\/v2\/media\/7348"}],"wp:attachment":[{"href":"https:\/\/www.finsdesiecles-artdeco.com\/fr\/wp-json\/wp\/v2\/media?parent=7356"}],"wp:term":[{"taxonomy":"product_brand","embeddable":true,"href":"https:\/\/www.finsdesiecles-artdeco.com\/fr\/wp-json\/wp\/v2\/product_brand?post=7356"},{"taxonomy":"product_cat","embeddable":true,"href":"https:\/\/www.finsdesiecles-artdeco.com\/fr\/wp-json\/wp\/v2\/product_cat?post=7356"},{"taxonomy":"product_tag","embeddable":true,"href":"https:\/\/www.finsdesiecles-artdeco.com\/fr\/wp-json\/wp\/v2\/product_tag?post=7356"}],"curies":[{"name":"wp","href":"https:\/\/api.w.org\/{rel}","templated":true}]}}

<p>Meuble modulable composé de deux blocs ouvrant par deux portes, surmontés de six étagères, le tout réglable en hauteur. Bois plaqué de Teak, intérieur en noyer, finition gomme-laque satinée. Piètement et structure en acier noirçi. Pieds réglables en laiton. Poignées de portes incrustées en Teak.</p>
<p>Italie vers 1960.</p>
<p><b>Dimensions</b></p>
<ul>
<li><b>cm:</b> 160 x 45 x 202</li>
<li><b>inches:</b> 62.99 x 17.72 x 79.53</li>
</ul>
