{"id":7728,"date":"2021-09-15T16:18:15","date_gmt":"2021-09-15T16:18:15","guid":{"rendered":"https:\/\/www.finsdesiecles-artdeco.com\/?product=lampadaires"},"modified":"2022-09-11T14:25:15","modified_gmt":"2022-09-11T14:25:15","slug":"lampadaire-france-1960","status":"publish","type":"product","link":"https:\/\/www.finsdesiecles-artdeco.com\/fr\/product\/lampadaire-france-1960\/","title":{"rendered":"Lampadaire &#8211; France 1960"},"content":{"rendered":"<p>Lampadaire &#8211; France 1960<\/p>\n<hr \/>\n<p><b>Dimensions<\/b><\/p>\n<ul>\n<li><b>cm:<\/b> 30 x 36 x 158<\/li>\n<li><b>inches:<\/b> 11.81 x 14.17 x 62.2<\/li>\n<\/ul>\n","protected":false},"excerpt":{"rendered":"<p>Lampadaire en acier noir\u00e7i\u00a0et laiton, tablette en acajou \u00e0 mi-hauteur finition gomme-laque, abat-jour en chintz noir int\u00e9rieur dor\u00e9. Interrupteur original. Enti\u00e8rement \u00e9lectrifi\u00e9 de\u00a0neuf.<\/p>\n<p>France vers 1960<\/p>\n<p>&nbsp;<\/p>\n<p>Abat-jour: Diam 27 x 58 cm<\/p>\n<p>Tablette: 24 x 35 x 45 cm<\/p>\n<p>&nbsp;<\/p>\n<p><b>Dimensions<\/b><\/p>\n<ul>\n<li><b>cm:<\/b> 30 x 36 x 158<\/li>\n<li><b>inches:<\/b> 11.81 x 14.17 x 62.2<\/li>\n<\/ul>\n","protected":false},"featured_media":7718,"template":"","meta":{"_editorskit_title_hidden":false,"_editorskit_reading_time":0,"_editorskit_is_block_options_detached":false,"_editorskit_block_options_position":"{}","inline_featured_image":false},"product_brand":[],"product_cat":[264,330],"product_tag":[],"class_list":{"0":"post-7728","1":"product","2":"type-product","3":"status-publish","4":"has-post-thumbnail","6":"product_cat-luminaires","7":"product_cat-lampadaires","9":"first","10":"instock","11":"purchasable","12":"product-type-simple"},"_links":{"self":[{"href":"https:\/\/www.finsdesiecles-artdeco.com\/fr\/wp-json\/wp\/v2\/product\/7728","targetHints":{"allow":["GET"]}}],"collection":[{"href":"https:\/\/www.finsdesiecles-artdeco.com\/fr\/wp-json\/wp\/v2\/product"}],"about":[{"href":"https:\/\/www.finsdesiecles-artdeco.com\/fr\/wp-json\/wp\/v2\/types\/product"}],"wp:featuredmedia":[{"embeddable":true,"href":"https:\/\/www.finsdesiecles-artdeco.com\/fr\/wp-json\/wp\/v2\/media\/7718"}],"wp:attachment":[{"href":"https:\/\/www.finsdesiecles-artdeco.com\/fr\/wp-json\/wp\/v2\/media?parent=7728"}],"wp:term":[{"taxonomy":"product_brand","embeddable":true,"href":"https:\/\/www.finsdesiecles-artdeco.com\/fr\/wp-json\/wp\/v2\/product_brand?post=7728"},{"taxonomy":"product_cat","embeddable":true,"href":"https:\/\/www.finsdesiecles-artdeco.com\/fr\/wp-json\/wp\/v2\/product_cat?post=7728"},{"taxonomy":"product_tag","embeddable":true,"href":"https:\/\/www.finsdesiecles-artdeco.com\/fr\/wp-json\/wp\/v2\/product_tag?post=7728"}],"curies":[{"name":"wp","href":"https:\/\/api.w.org\/{rel}","templated":true}]}}

<p>Lampadaire en acier noirçi et laiton, tablette en acajou à mi-hauteur finition gomme-laque, abat-jour en chintz noir intérieur doré. Interrupteur original. Entièrement électrifié de neuf.</p>
<p>France vers 1960</p>
<p>&nbsp;</p>
<p>Abat-jour: Diam 27 x 58 cm</p>
<p>Tablette: 24 x 35 x 45 cm</p>
<p>&nbsp;</p>
<p><b>Dimensions</b></p>
<ul>
<li><b>cm:</b> 30 x 36 x 158</li>
<li><b>inches:</b> 11.81 x 14.17 x 62.2</li>
</ul>
