{"id":7815,"date":"2021-10-27T15:31:48","date_gmt":"2021-10-27T15:31:48","guid":{"rendered":"https:\/\/www.finsdesiecles-artdeco.com\/?product=tables"},"modified":"2023-06-29T09:38:31","modified_gmt":"2023-06-29T09:38:31","slug":"table-ou-bureau-dico-parisi-1958","status":"publish","type":"product","link":"https:\/\/www.finsdesiecles-artdeco.com\/fr\/product\/table-ou-bureau-dico-parisi-1958\/","title":{"rendered":"Table ou bureau par Ico Parisi et Ennio Fazioli &#8211; Italie 1958"},"content":{"rendered":"<p><strong>Ico Parisi<\/strong> (Palermo, Italie 1916- Como, Italie 1996)<\/p>\n<p>El\u00e8ve de Giuseppe Terragni, Ico Parisi est reconnu pour \u00eatre l&rsquo;un des principaux auteurs de mobilier italien des ann\u00e9es 50, un esprit multiforme qui con\u00e7oit le design comme faisant partie d&rsquo;un tout avec l&rsquo;art et l&rsquo;architecture. Son activit\u00e9, marqu\u00e9e par une exp\u00e9rimentation continue, consiste en une recherche incessante dans les domaines de l&rsquo;architecture, de l&rsquo;art et du design. Entre 1948 et 1950, il se consacre \u00e0 l&rsquo;\u00e9tude des \u00e9l\u00e9ments de mobilier. Dans le domaine du design, les rencontres cruciales avec Munari et Fontana (1951), et Melotti marquent profond\u00e9ment son exp\u00e9rience. En 1948, il fonde, avec sa femme Luisa Aiani, urbaniste et designer, le studio La Ruota \u00e0 C\u00f4me, qui cesse son activit\u00e9 en 1995. Parmi les meubles les plus embl\u00e9matiques du couple, on trouve les tables aux lignes a\u00e9rodynamiques, pieds en X ou en Y, tr\u00e8s modernes et \u00e0 la mode dans les d\u00e9cors contemporains. Des fauteuils ovo\u00efdes pour Cassina aux meubles pour Stildomus, leurs \u0153uvres embrassent des domaines vari\u00e9s et attirent l&rsquo;attention de la soci\u00e9t\u00e9 am\u00e9ricaine Singer and Son \u00e0 New York, la premi\u00e8re entreprise, dans les ann\u00e9es 1950, \u00e0 exporter les meubles Parisi \u00e0 l&rsquo;\u00e9tranger. En 1954, il remporte la m\u00e9daille d&rsquo;or \u00e0 la X\u00e8me Triennale de Milan pour l&rsquo;\u0153uvre <em>Padiglione soggiorno<\/em>, avec Silvio Longhi et Luigi Antonietti. En 1957, il pr\u00e9sente l&rsquo;\u0153uvre <em>Casa per vacanze<\/em> \u00e0 l&rsquo;exposition <em>Colori e forme della casa d&rsquo;oggi<\/em>, fruit d&rsquo;une collaboration avec Manlio Rho, Francesco Somaini et Gian Paolo Allevi.<\/p>\n","protected":false},"excerpt":{"rendered":"<p>Table ou bureau \u00e0 pi\u00e8tement en h\u00eatre teint\u00e9 et plateau en palissandre verni au tampon. Syst\u00e8me sous le plateau pour ajouter \u00e9ventuellement des blocs de tiroirs.<\/p>\n<p>Mod\u00e8le: Tolomeo.<\/p>\n<p>Design: Ico Parisi et Ennio Fazioli.<\/p>\n<p>Fabricant: MIM Roma<\/p>\n<p>Italie 1958<\/p>\n<p><b>Dimensions<\/b><\/p>\n<ul>\n<li><b>cm:<\/b> 180 x 90 x 72<\/li>\n<li><b>inches:<\/b> 70.87 x 35.43 x 28.35<\/li>\n<\/ul>\n","protected":false},"featured_media":7804,"template":"","meta":{"_editorskit_title_hidden":false,"_editorskit_reading_time":0,"_editorskit_is_block_options_detached":false,"_editorskit_block_options_position":"{}","inline_featured_image":false},"product_brand":[],"product_cat":[256,261,288],"product_tag":[],"class_list":{"0":"post-7815","1":"product","2":"type-product","3":"status-publish","4":"has-post-thumbnail","6":"product_cat-tables","7":"product_cat-bureaux","8":"product_cat-tables-de-salle-a-manger","10":"first","11":"instock","12":"purchasable","13":"product-type-simple"},"_links":{"self":[{"href":"https:\/\/www.finsdesiecles-artdeco.com\/fr\/wp-json\/wp\/v2\/product\/7815","targetHints":{"allow":["GET"]}}],"collection":[{"href":"https:\/\/www.finsdesiecles-artdeco.com\/fr\/wp-json\/wp\/v2\/product"}],"about":[{"href":"https:\/\/www.finsdesiecles-artdeco.com\/fr\/wp-json\/wp\/v2\/types\/product"}],"wp:featuredmedia":[{"embeddable":true,"href":"https:\/\/www.finsdesiecles-artdeco.com\/fr\/wp-json\/wp\/v2\/media\/7804"}],"wp:attachment":[{"href":"https:\/\/www.finsdesiecles-artdeco.com\/fr\/wp-json\/wp\/v2\/media?parent=7815"}],"wp:term":[{"taxonomy":"product_brand","embeddable":true,"href":"https:\/\/www.finsdesiecles-artdeco.com\/fr\/wp-json\/wp\/v2\/product_brand?post=7815"},{"taxonomy":"product_cat","embeddable":true,"href":"https:\/\/www.finsdesiecles-artdeco.com\/fr\/wp-json\/wp\/v2\/product_cat?post=7815"},{"taxonomy":"product_tag","embeddable":true,"href":"https:\/\/www.finsdesiecles-artdeco.com\/fr\/wp-json\/wp\/v2\/product_tag?post=7815"}],"curies":[{"name":"wp","href":"https:\/\/api.w.org\/{rel}","templated":true}]}}

<p><strong>Ico Parisi</strong> (Palermo, Italie 1916- Como, Italie 1996)</p>
<p>Elève de Giuseppe Terragni, Ico Parisi est reconnu pour être l&rsquo;un des principaux auteurs de mobilier italien des années 50, un esprit multiforme qui conçoit le design comme faisant partie d&rsquo;un tout avec l&rsquo;art et l&rsquo;architecture. Son activité, marquée par une expérimentation continue, consiste en une recherche incessante dans les domaines de l&rsquo;architecture, de l&rsquo;art et du design. Entre 1948 et 1950, il se consacre à l&rsquo;étude des éléments de mobilier. Dans le domaine du design, les rencontres cruciales avec Munari et Fontana (1951), et Melotti marquent profondément son expérience. En 1948, il fonde, avec sa femme Luisa Aiani, urbaniste et designer, le studio La Ruota à Côme, qui cesse son activité en 1995. Parmi les meubles les plus emblématiques du couple, on trouve les tables aux lignes aérodynamiques, pieds en X ou en Y, très modernes et à la mode dans les décors contemporains. Des fauteuils ovoïdes pour Cassina aux meubles pour Stildomus, leurs œuvres embrassent des domaines variés et attirent l&rsquo;attention de la société américaine Singer and Son à New York, la première entreprise, dans les années 1950, à exporter les meubles Parisi à l&rsquo;étranger. En 1954, il remporte la médaille d&rsquo;or à la Xème Triennale de Milan pour l&rsquo;œuvre <em>Padiglione soggiorno</em>, avec Silvio Longhi et Luigi Antonietti. En 1957, il présente l&rsquo;œuvre <em>Casa per vacanze</em> à l&rsquo;exposition <em>Colori e forme della casa d&rsquo;oggi</em>, fruit d&rsquo;une collaboration avec Manlio Rho, Francesco Somaini et Gian Paolo Allevi.</p>

<p>Table ou bureau à piètement en hêtre teinté et plateau en palissandre verni au tampon. Système sous le plateau pour ajouter éventuellement des blocs de tiroirs.</p>
<p>Modèle: Tolomeo.</p>
<p>Design: Ico Parisi et Ennio Fazioli.</p>
<p>Fabricant: MIM Roma</p>
<p>Italie 1958</p>
<p><b>Dimensions</b></p>
<ul>
<li><b>cm:</b> 180 x 90 x 72</li>
<li><b>inches:</b> 70.87 x 35.43 x 28.35</li>
</ul>
