{"id":7839,"date":"2021-11-01T16:23:29","date_gmt":"2021-11-01T16:23:29","guid":{"rendered":"https:\/\/www.finsdesiecles-artdeco.com\/?product=tables-a-manger"},"modified":"2022-09-10T16:29:36","modified_gmt":"2022-09-10T16:29:36","slug":"table-a-manger-dominique-france-1940","status":"publish","type":"product","link":"https:\/\/www.finsdesiecles-artdeco.com\/fr\/product\/table-a-manger-dominique-france-1940\/","title":{"rendered":"Table \u00e0 manger Dominique &#8211; France 1940"},"content":{"rendered":"<p>Table \u00e0 manger Dominique &#8211; France 1940<\/p>\n<hr \/>\n<p><b>Dimensions<\/b><\/p>\n<ul>\n<li><b>cm:<\/b> 130 x 90 x 75<\/li>\n<li><b>inches:<\/b> 51.18 x 35.43 x 29.53<\/li>\n<\/ul>\n","protected":false},"excerpt":{"rendered":"<p>Table en acajou massif et placages d&rsquo;acajou, 4 pieds fuseau \u00e0 section carr\u00e9e, sabots en laiton massif poli, possibilit\u00e9 de syst\u00e8me d\u00b4allonges, ceinture orn\u00e9e de caches en laiton poli.<\/p>\n<p>Dans le go\u00fbt de Dominique<\/p>\n<p>France vers 1940<\/p>\n<p>&nbsp;<\/p>\n<p><b>cm:<\/b> 130 x 90 x 75<\/p>\n<p><b>inches:<\/b> 51.18 x 35.43 x 29.53<\/p>\n","protected":false},"featured_media":7831,"template":"","meta":{"_editorskit_title_hidden":false,"_editorskit_reading_time":0,"_editorskit_is_block_options_detached":false,"_editorskit_block_options_position":"{}","inline_featured_image":false},"product_brand":[],"product_cat":[256,288],"product_tag":[],"class_list":{"0":"post-7839","1":"product","2":"type-product","3":"status-publish","4":"has-post-thumbnail","6":"product_cat-tables","7":"product_cat-tables-de-salle-a-manger","9":"first","10":"instock","11":"purchasable","12":"product-type-simple"},"_links":{"self":[{"href":"https:\/\/www.finsdesiecles-artdeco.com\/fr\/wp-json\/wp\/v2\/product\/7839","targetHints":{"allow":["GET"]}}],"collection":[{"href":"https:\/\/www.finsdesiecles-artdeco.com\/fr\/wp-json\/wp\/v2\/product"}],"about":[{"href":"https:\/\/www.finsdesiecles-artdeco.com\/fr\/wp-json\/wp\/v2\/types\/product"}],"wp:featuredmedia":[{"embeddable":true,"href":"https:\/\/www.finsdesiecles-artdeco.com\/fr\/wp-json\/wp\/v2\/media\/7831"}],"wp:attachment":[{"href":"https:\/\/www.finsdesiecles-artdeco.com\/fr\/wp-json\/wp\/v2\/media?parent=7839"}],"wp:term":[{"taxonomy":"product_brand","embeddable":true,"href":"https:\/\/www.finsdesiecles-artdeco.com\/fr\/wp-json\/wp\/v2\/product_brand?post=7839"},{"taxonomy":"product_cat","embeddable":true,"href":"https:\/\/www.finsdesiecles-artdeco.com\/fr\/wp-json\/wp\/v2\/product_cat?post=7839"},{"taxonomy":"product_tag","embeddable":true,"href":"https:\/\/www.finsdesiecles-artdeco.com\/fr\/wp-json\/wp\/v2\/product_tag?post=7839"}],"curies":[{"name":"wp","href":"https:\/\/api.w.org\/{rel}","templated":true}]}}

Table à manger Dominique &#8211; France 1940

<p>Table à manger Dominique &#8211; France 1940</p>
<hr />
<p><b>Dimensions</b></p>
<ul>
<li><b>cm:</b> 130 x 90 x 75</li>
<li><b>inches:</b> 51.18 x 35.43 x 29.53</li>
</ul>

<p>Table en acajou massif et placages d&rsquo;acajou, 4 pieds fuseau à section carrée, sabots en laiton massif poli, possibilité de système d´allonges, ceinture ornée de caches en laiton poli.</p>
<p>Dans le goût de Dominique</p>
<p>France vers 1940</p>
<p>&nbsp;</p>
<p><b>cm:</b> 130 x 90 x 75</p>
<p><b>inches:</b> 51.18 x 35.43 x 29.53</p>
