{"id":8058,"date":"2022-01-04T17:08:48","date_gmt":"2022-01-04T17:08:48","guid":{"rendered":"https:\/\/www.finsdesiecles-artdeco.com\/?product=lampadaires"},"modified":"2022-07-25T16:27:44","modified_gmt":"2022-07-25T16:27:44","slug":"lampadaire-a-trois-points-de-lumiere-france-1960","status":"publish","type":"product","link":"https:\/\/www.finsdesiecles-artdeco.com\/fr\/product\/lampadaire-a-trois-points-de-lumiere-france-1960\/","title":{"rendered":"Lampadaire &#8211; France 1960"},"content":{"rendered":"<p>Lampadaire \u00e0 trois points de lumi\u00e8re &#8211; France, 1960<\/p>\n<hr \/>\n<p><b>Dimensions<\/b><\/p>\n<ul>\n<li><b>cm:<\/b> Diam 40 x 156<\/li>\n<li><b>inches:<\/b> Diam 15.75 x 61.42<\/li>\n<\/ul>\n","protected":false},"excerpt":{"rendered":"<p>Lampadaire \u00e0 trois points de lumi\u00e8re, base en marbre, f\u00fbt en acier noir\u00e7i\u00a0et chrome, projecteurs en t\u00f4le laqu\u00e9e bleu et chrome, int\u00e9rieurs blancs.<\/p>\n<p>France vers 1960<\/p>\n<p><b>Dimensions<\/b><\/p>\n<ul>\n<li><b>cm:<\/b> Diam 40 x 156<\/li>\n<li><b>inches:<\/b> Diam 15.75 x 61.42<\/li>\n<\/ul>\n","protected":false},"featured_media":8049,"template":"","meta":{"_editorskit_title_hidden":false,"_editorskit_reading_time":0,"_editorskit_is_block_options_detached":false,"_editorskit_block_options_position":"{}","inline_featured_image":false},"product_brand":[],"product_cat":[330,264],"product_tag":[],"class_list":{"0":"post-8058","1":"product","2":"type-product","3":"status-publish","4":"has-post-thumbnail","6":"product_cat-lampadaires","7":"product_cat-luminaires","9":"first","10":"outofstock","11":"product-type-simple"},"_links":{"self":[{"href":"https:\/\/www.finsdesiecles-artdeco.com\/fr\/wp-json\/wp\/v2\/product\/8058","targetHints":{"allow":["GET"]}}],"collection":[{"href":"https:\/\/www.finsdesiecles-artdeco.com\/fr\/wp-json\/wp\/v2\/product"}],"about":[{"href":"https:\/\/www.finsdesiecles-artdeco.com\/fr\/wp-json\/wp\/v2\/types\/product"}],"wp:featuredmedia":[{"embeddable":true,"href":"https:\/\/www.finsdesiecles-artdeco.com\/fr\/wp-json\/wp\/v2\/media\/8049"}],"wp:attachment":[{"href":"https:\/\/www.finsdesiecles-artdeco.com\/fr\/wp-json\/wp\/v2\/media?parent=8058"}],"wp:term":[{"taxonomy":"product_brand","embeddable":true,"href":"https:\/\/www.finsdesiecles-artdeco.com\/fr\/wp-json\/wp\/v2\/product_brand?post=8058"},{"taxonomy":"product_cat","embeddable":true,"href":"https:\/\/www.finsdesiecles-artdeco.com\/fr\/wp-json\/wp\/v2\/product_cat?post=8058"},{"taxonomy":"product_tag","embeddable":true,"href":"https:\/\/www.finsdesiecles-artdeco.com\/fr\/wp-json\/wp\/v2\/product_tag?post=8058"}],"curies":[{"name":"wp","href":"https:\/\/api.w.org\/{rel}","templated":true}]}}

<p>Lampadaire à trois points de lumière &#8211; France, 1960</p>
<hr />
<p><b>Dimensions</b></p>
<ul>
<li><b>cm:</b> Diam 40 x 156</li>
<li><b>inches:</b> Diam 15.75 x 61.42</li>
</ul>

<p>Lampadaire à trois points de lumière, base en marbre, fût en acier noirçi et chrome, projecteurs en tôle laquée bleu et chrome, intérieurs blancs.</p>
<p>France vers 1960</p>
<p><b>Dimensions</b></p>
<ul>
<li><b>cm:</b> Diam 40 x 156</li>
<li><b>inches:</b> Diam 15.75 x 61.42</li>
</ul>
